{"id":341891,"date":"2025-12-02T12:42:39","date_gmt":"2025-12-02T15:42:39","guid":{"rendered":"https:\/\/www.livrariarema.com.br\/loja\/produtos\/sem categoria\/voce-interpretou-errado-rodrigo-calca-lemos\/"},"modified":"2026-05-06T10:30:21","modified_gmt":"2026-05-06T13:30:21","slug":"voce-interpretou-errado-rodrigo-calca-lemos","status":"publish","type":"product","link":"https:\/\/www.livrariarema.com.br\/loja\/produtos\/livros\/estudo-biblico\/voce-interpretou-errado-rodrigo-calca-lemos\/","title":{"rendered":"Voc\u00ea Interpretou Errado &#8211; Rodrigo Cal\u00e7a Lemos"},"content":{"rendered":"<p>Interpretar a B\u00edblia n\u00e3o \u00e9 tarefa f\u00e1cil. Contexto hist\u00f3rico, diversas tradu\u00e7\u00f5es, refer\u00eancias culturais e figuras de linguagem s\u00e3o alguns fatores que influenciam a boa interpreta\u00e7\u00e3o das passagens. Com tantos detalhes, como interpret\u00e1-las de forma correta?<\/p>\n<p>Rodrigo Cal\u00e7a Lemos j\u00e1 esteve na posi\u00e7\u00e3o de n\u00e3o conseguir interpretar bem as Escrituras. Agora te\u00f3logo, ele usa este livro para revelar o sentido real de 49 vers\u00edculos que, ao longo do tempo, foram tirados do seu contexto original. Organizado por g\u00eaneros liter\u00e1rios b\u00edblicos e enriquecido com ap\u00eandices de princ\u00edpios de exegese e indica\u00e7\u00f5es de livros, Voc\u00ea interpretou errado \u00e9 um guia inicial para quem deseja ler a B\u00edblia com fidelidade ao contexto.<\/p>\n<p>Este livro \u00e9 um chamado a abandonar interpreta\u00e7\u00f5es populares e mergulhar no que Deus realmente disse em sua Palavra. Com clareza e profundidade, ele desafia leituras superficiais e convida voc\u00ea a redescobrir a Palavra de Deus como ela realmente \u00e9.<\/p>\n","protected":false},"excerpt":{"rendered":"<p>Interpretar a B\u00edblia n\u00e3o \u00e9 tarefa f\u00e1cil. Contexto hist\u00f3rico, diversas tradu\u00e7\u00f5es, refer\u00eancias culturais e figuras de linguagem s\u00e3o alguns fatores&hellip;<\/p>\n","protected":false},"featured_media":347054,"comment_status":"open","ping_status":"closed","template":"","meta":[],"product_cat":[161,134],"product_tag":[],"_links":{"self":[{"href":"https:\/\/www.livrariarema.com.br\/loja\/wp-json\/wp\/v2\/product\/341891"}],"collection":[{"href":"https:\/\/www.livrariarema.com.br\/loja\/wp-json\/wp\/v2\/product"}],"about":[{"href":"https:\/\/www.livrariarema.com.br\/loja\/wp-json\/wp\/v2\/types\/product"}],"replies":[{"embeddable":true,"href":"https:\/\/www.livrariarema.com.br\/loja\/wp-json\/wp\/v2\/comments?post=341891"}],"wp:featuredmedia":[{"embeddable":true,"href":"https:\/\/www.livrariarema.com.br\/loja\/wp-json\/wp\/v2\/media\/347054"}],"wp:attachment":[{"href":"https:\/\/www.livrariarema.com.br\/loja\/wp-json\/wp\/v2\/media?parent=341891"}],"wp:term":[{"taxonomy":"product_cat","embeddable":true,"href":"https:\/\/www.livrariarema.com.br\/loja\/wp-json\/wp\/v2\/product_cat?post=341891"},{"taxonomy":"product_tag","embeddable":true,"href":"https:\/\/www.livrariarema.com.br\/loja\/wp-json\/wp\/v2\/product_tag?post=341891"}],"curies":[{"name":"wp","href":"https:\/\/api.w.org\/{rel}","templated":true}]}}