{"id":342079,"date":"2025-12-06T11:14:21","date_gmt":"2025-12-06T14:14:21","guid":{"rendered":"https:\/\/www.livrariarema.com.br\/loja\/produtos\/sem categoria\/luz-de-leitura-recarregavel-com-prendedor\/"},"modified":"2026-04-22T17:10:10","modified_gmt":"2026-04-22T20:10:10","slug":"luz-de-leitura-recarregavel-com-prendedor","status":"publish","type":"product","link":"https:\/\/www.livrariarema.com.br\/loja\/produtos\/papelaria\/luz-de-leitura\/luz-de-leitura-recarregavel-com-prendedor\/","title":{"rendered":"Luz De Leitura &#8211; Recarreg\u00e1vel &#8211; Com Prendedor"},"content":{"rendered":"<p>Material: ABS, Metal.<br \/>\nTamanho: 175 x 30 x 25mm<br \/>\nTempo de autonomia: 4 a 40h (dependendo<br \/>\nda intensidade da ilumina\u00e7\u00e3o)<br \/>\nFonte de luz: LED 2835, 0,2W,5500-6000K<br \/>\nPossui luz branca quente, neutra e fria.<br \/>\nIntensidade da ilumina\u00e7\u00e3o ajust\u00e1vel.<br \/>\nCont\u00e9m 01 lumin\u00e1ria e 01 cabo USB<\/p>\n","protected":false},"excerpt":{"rendered":"<p>Material: ABS, Metal. Tamanho: 175 x 30 x 25mm Tempo de autonomia: 4 a 40h (dependendo da intensidade da ilumina\u00e7\u00e3o)&hellip;<\/p>\n","protected":false},"featured_media":347065,"comment_status":"open","ping_status":"closed","template":"","meta":[],"product_cat":[341,215],"product_tag":[],"_links":{"self":[{"href":"https:\/\/www.livrariarema.com.br\/loja\/wp-json\/wp\/v2\/product\/342079"}],"collection":[{"href":"https:\/\/www.livrariarema.com.br\/loja\/wp-json\/wp\/v2\/product"}],"about":[{"href":"https:\/\/www.livrariarema.com.br\/loja\/wp-json\/wp\/v2\/types\/product"}],"replies":[{"embeddable":true,"href":"https:\/\/www.livrariarema.com.br\/loja\/wp-json\/wp\/v2\/comments?post=342079"}],"wp:featuredmedia":[{"embeddable":true,"href":"https:\/\/www.livrariarema.com.br\/loja\/wp-json\/wp\/v2\/media\/347065"}],"wp:attachment":[{"href":"https:\/\/www.livrariarema.com.br\/loja\/wp-json\/wp\/v2\/media?parent=342079"}],"wp:term":[{"taxonomy":"product_cat","embeddable":true,"href":"https:\/\/www.livrariarema.com.br\/loja\/wp-json\/wp\/v2\/product_cat?post=342079"},{"taxonomy":"product_tag","embeddable":true,"href":"https:\/\/www.livrariarema.com.br\/loja\/wp-json\/wp\/v2\/product_tag?post=342079"}],"curies":[{"name":"wp","href":"https:\/\/api.w.org\/{rel}","templated":true}]}}