{"id":342808,"date":"2026-01-13T12:03:55","date_gmt":"2026-01-13T15:03:55","guid":{"rendered":"https:\/\/www.livrariarema.com.br\/loja\/produtos\/sem categoria\/planner-dos-4-temperamentos-flores\/"},"modified":"2026-02-13T12:01:10","modified_gmt":"2026-02-13T15:01:10","slug":"planner-dos-4-temperamentos-flores","status":"publish","type":"product","link":"https:\/\/www.livrariarema.com.br\/loja\/produtos\/papelaria\/agenda\/planner-dos-4-temperamentos-flores\/","title":{"rendered":"Planner Dos 4 Temperamentos &#8211; Flores"},"content":{"rendered":"<p>Planner dos 4 Temperamentos<br \/>\nO Planner dos Temperamentos foi criado para quem deseja organizar a rotina sem abrir m\u00e3o da f\u00e9, do autoconhecimento e do prop\u00f3sito. Mais do que um planner, ele \u00e9 uma ferramenta de crescimento espiritual e pessoal, que respeita o jeito \u00fanico que Deus criou em cada pessoa.<\/p>\n<p>Com uma abordagem crist\u00e3 e devocional, este planner te ajuda a planejar seus dias levando em considera\u00e7\u00e3o seu temperamento &#8211; sangu\u00edneo, fleum\u00e1tico, col\u00e9rico ou melanc\u00f3lico &#8211; tra\u00e7ando paralelos entre f\u00e9, vida pr\u00e1tica e identidade em Deus. Aqui, organiza\u00e7\u00e3o e espiritualidade caminham juntas.<\/p>\n<p>Com acabamento luxo, papel de alt\u00edssima qualidade, no formato 15,5 x 22,5 cm, e 336 p\u00e1ginas, o Planner dos Temperamentos foi pensado nos m\u00ednimos detalhes para oferecer uma experi\u00eancia acolhedora, funcional e inspiradora ao longo de todo o ano.<\/p>\n<p>Al\u00e9m da visualiza\u00e7\u00e3o mensal completa, voc\u00ea tamb\u00e9m conta com um planejamento semanal detalhado, reflex\u00f5es profundas e devocionais que conectam sua rotina ao prop\u00f3sito de Deus.<\/p>\n<p>Confira como o Planner dos 4 Temperamentos \u00e9 organizado:<br \/>\nOrganizador Anual<br \/>\nIntrodu\u00e7\u00e3o aos 4 temperamentos \u00e0 luz da f\u00e9 crist\u00e3;<br \/>\nEspa\u00e7o para identificar seu temperamento predominante;<br \/>\nGuia de leitura b\u00edblica anual;<br \/>\nPlanos e metas do ano, divididos em: Espiritual \/ Profissional \/ Familiar \/ Financeiro;<br \/>\nAlvos de ora\u00e7\u00e3o para o ano;<br \/>\nEspa\u00e7o para prop\u00f3sitos espirituais;<br \/>\nCalend\u00e1rio anual.<\/p>\n<p>Organizador Mensal<br \/>\nFrase inspiradora para abertura de cada m\u00eas;<br \/>\nPlanejamento mensal dividido em: Espiritual \/ Profissional \/ Familiar \/ Financeiro;<br \/>\nAlvos de ora\u00e7\u00e3o do m\u00eas;<br \/>\nEspa\u00e7o para compromissos e consultas;<br \/>\nControle financeiro mensal;<br \/>\nAnota\u00e7\u00f5es livres e inspira\u00e7\u00f5es;<br \/>\nVisualiza\u00e7\u00e3o completa do m\u00eas;<br \/>\nAnivers\u00e1rios importantes.<\/p>\n<p>Organizador Semanal<br \/>\nIn\u00edcio da semana com devocional crist\u00e3o;<br \/>\nPlanejamento da semana com espa\u00e7o para tarefas di\u00e1rias;<br \/>\nChecklist de h\u00e1bitos recorrentes;<br \/>\nEspa\u00e7o para prioridades da semana;<br \/>\nReflex\u00e3o semanal com 4 perguntas, uma para cada temperamento, incentivando o autoconhecimento e a aplica\u00e7\u00e3o pr\u00e1tica da f\u00e9.<\/p>\n<p>Extras<br \/>\nEspa\u00e7os livres ao final de cada m\u00eas para anota\u00e7\u00f5es, ora\u00e7\u00f5es ou reflex\u00f5es pessoais;<br \/>\nConte\u00fado pensado para acompanhar o leitor durante todo o ano, respeitando seu ritmo, emo\u00e7\u00f5es e temperamento.<\/p>\n<p>O Planner dos Temperamentos \u00e9 para quem entende que planejar n\u00e3o \u00e9 apenas organizar compromissos, mas alinhar a vida ao prop\u00f3sito de Deus.<br \/>\nAqui, cada p\u00e1gina convida voc\u00ea a viver com mais inten\u00e7\u00e3o, equil\u00edbrio e f\u00e9 &#8211; do seu jeito, no tempo de Deus.<\/p>\n","protected":false},"excerpt":{"rendered":"<p>Planner dos 4 Temperamentos O Planner dos Temperamentos foi criado para quem deseja organizar a rotina sem abrir m\u00e3o da&hellip;<\/p>\n","protected":false},"featured_media":342807,"comment_status":"open","ping_status":"closed","template":"","meta":[],"product_cat":[248,215],"product_tag":[],"_links":{"self":[{"href":"https:\/\/www.livrariarema.com.br\/loja\/wp-json\/wp\/v2\/product\/342808"}],"collection":[{"href":"https:\/\/www.livrariarema.com.br\/loja\/wp-json\/wp\/v2\/product"}],"about":[{"href":"https:\/\/www.livrariarema.com.br\/loja\/wp-json\/wp\/v2\/types\/product"}],"replies":[{"embeddable":true,"href":"https:\/\/www.livrariarema.com.br\/loja\/wp-json\/wp\/v2\/comments?post=342808"}],"wp:featuredmedia":[{"embeddable":true,"href":"https:\/\/www.livrariarema.com.br\/loja\/wp-json\/wp\/v2\/media\/342807"}],"wp:attachment":[{"href":"https:\/\/www.livrariarema.com.br\/loja\/wp-json\/wp\/v2\/media?parent=342808"}],"wp:term":[{"taxonomy":"product_cat","embeddable":true,"href":"https:\/\/www.livrariarema.com.br\/loja\/wp-json\/wp\/v2\/product_cat?post=342808"},{"taxonomy":"product_tag","embeddable":true,"href":"https:\/\/www.livrariarema.com.br\/loja\/wp-json\/wp\/v2\/product_tag?post=342808"}],"curies":[{"name":"wp","href":"https:\/\/api.w.org\/{rel}","templated":true}]}}

<p>Planner dos 4 Temperamentos<br />
O Planner dos Temperamentos foi criado para quem deseja organizar a rotina sem abrir mão da fé, do autoconhecimento e do propósito. Mais do que um planner, ele é uma ferramenta de crescimento espiritual e pessoal, que respeita o jeito único que Deus criou em cada pessoa.</p>
<p>Com uma abordagem cristã e devocional, este planner te ajuda a planejar seus dias levando em consideração seu temperamento &#8211; sanguíneo, fleumático, colérico ou melancólico &#8211; traçando paralelos entre fé, vida prática e identidade em Deus. Aqui, organização e espiritualidade caminham juntas.</p>
<p>Com acabamento luxo, papel de altíssima qualidade, no formato 15,5 x 22,5 cm, e 336 páginas, o Planner dos Temperamentos foi pensado nos mínimos detalhes para oferecer uma experiência acolhedora, funcional e inspiradora ao longo de todo o ano.</p>
<p>Além da visualização mensal completa, você também conta com um planejamento semanal detalhado, reflexões profundas e devocionais que conectam sua rotina ao propósito de Deus.</p>
<p>Confira como o Planner dos 4 Temperamentos é organizado:<br />
Organizador Anual<br />
Introdução aos 4 temperamentos à luz da fé cristã;<br />
Espaço para identificar seu temperamento predominante;<br />
Guia de leitura bíblica anual;<br />
Planos e metas do ano, divididos em: Espiritual / Profissional / Familiar / Financeiro;<br />
Alvos de oração para o ano;<br />
Espaço para propósitos espirituais;<br />
Calendário anual.</p>
<p>Organizador Mensal<br />
Frase inspiradora para abertura de cada mês;<br />
Planejamento mensal dividido em: Espiritual / Profissional / Familiar / Financeiro;<br />
Alvos de oração do mês;<br />
Espaço para compromissos e consultas;<br />
Controle financeiro mensal;<br />
Anotações livres e inspirações;<br />
Visualização completa do mês;<br />
Aniversários importantes.</p>
<p>Organizador Semanal<br />
Início da semana com devocional cristão;<br />
Planejamento da semana com espaço para tarefas diárias;<br />
Checklist de hábitos recorrentes;<br />
Espaço para prioridades da semana;<br />
Reflexão semanal com 4 perguntas, uma para cada temperamento, incentivando o autoconhecimento e a aplicação prática da fé.</p>
<p>Extras<br />
Espaços livres ao final de cada mês para anotações, orações ou reflexões pessoais;<br />
Conteúdo pensado para acompanhar o leitor durante todo o ano, respeitando seu ritmo, emoções e temperamento.</p>
<p>O Planner dos Temperamentos é para quem entende que planejar não é apenas organizar compromissos, mas alinhar a vida ao propósito de Deus.<br />
Aqui, cada página convida você a viver com mais intenção, equilíbrio e fé &#8211; do seu jeito, no tempo de Deus.</p>

<p>Planner dos 4 Temperamentos O Planner dos Temperamentos foi criado para quem deseja organizar a rotina sem abrir mão da&hellip;</p>
