{"id":343158,"date":"2026-01-27T09:00:07","date_gmt":"2026-01-27T12:00:07","guid":{"rendered":"https:\/\/www.livrariarema.com.br\/loja\/produtos\/sem categoria\/52-semanas-pela-biblia-um-estudo-biblico-anual-john-macarthur\/"},"modified":"2026-02-28T11:20:33","modified_gmt":"2026-02-28T14:20:33","slug":"52-semanas-pela-biblia-um-estudo-biblico-anual-john-macarthur","status":"publish","type":"product","link":"https:\/\/www.livrariarema.com.br\/loja\/produtos\/livros\/devocional\/52-semanas-pela-biblia-um-estudo-biblico-anual-john-macarthur\/","title":{"rendered":"52 Semanas Pela B\u00edblia &#8211; Um Estudo B\u00edblico Anual &#8211; John Macarthur"},"content":{"rendered":"<p>Nenhum crist\u00e3o pode negligenciar o estudo da Palavra, pois ela \u00e9 o nosso alimento e um dos pilares do relacionamento com Cristo. Contudo, por uma s\u00e9rie de motivos diferentes, muitos se sentem intimidados diante de planos de estudos b\u00edblicos anuais. Para alguns, \u00e9 o fato de a B\u00edblia ser um livro muito extenso e de dif\u00edcil compreens\u00e3o; para outros, \u00e9 a dist\u00e2ncia hist\u00f3rica e cultural que nos separa dos personagens b\u00edblicos. H\u00e1, ainda, outras quest\u00f5es, como a linguagem, a dificuldade em lidar com textos mais dif\u00edceis, a diversidade de g\u00eaneros textuais, entre muitos outros pontos. Afinal, \u00e9 poss\u00edvel descomplicar a leitura b\u00edblica?<\/p>\n<p>Em 52 semanas pela B\u00edblia, o pastor John MacArthur nos guia no estudo de toda a Escritura ao longo de um ano. Composto por estudos semanais, a obra traz ferramentas para o estudo completo de todos os livros da B\u00edblia, com explica\u00e7\u00f5es sobre o contexto hist\u00f3rico de cada um e recursos visuais, como mapas e destaques tem\u00e1ticos. De forma did\u00e1tica, MacArthur nos conduz em uma jornada de aprofundamento b\u00edblico para nosso crescimento espiritual.<\/p>\n<p>Aproxime-se do Pai celestial por meio de um estudo completo das Escrituras, semana a semana.<\/p>\n","protected":false},"excerpt":{"rendered":"<p>Nenhum crist\u00e3o pode negligenciar o estudo da Palavra, pois ela \u00e9 o nosso alimento e um dos pilares do relacionamento&hellip;<\/p>\n","protected":false},"featured_media":343364,"comment_status":"open","ping_status":"closed","template":"","meta":[],"product_cat":[158,134],"product_tag":[],"_links":{"self":[{"href":"https:\/\/www.livrariarema.com.br\/loja\/wp-json\/wp\/v2\/product\/343158"}],"collection":[{"href":"https:\/\/www.livrariarema.com.br\/loja\/wp-json\/wp\/v2\/product"}],"about":[{"href":"https:\/\/www.livrariarema.com.br\/loja\/wp-json\/wp\/v2\/types\/product"}],"replies":[{"embeddable":true,"href":"https:\/\/www.livrariarema.com.br\/loja\/wp-json\/wp\/v2\/comments?post=343158"}],"wp:featuredmedia":[{"embeddable":true,"href":"https:\/\/www.livrariarema.com.br\/loja\/wp-json\/wp\/v2\/media\/343364"}],"wp:attachment":[{"href":"https:\/\/www.livrariarema.com.br\/loja\/wp-json\/wp\/v2\/media?parent=343158"}],"wp:term":[{"taxonomy":"product_cat","embeddable":true,"href":"https:\/\/www.livrariarema.com.br\/loja\/wp-json\/wp\/v2\/product_cat?post=343158"},{"taxonomy":"product_tag","embeddable":true,"href":"https:\/\/www.livrariarema.com.br\/loja\/wp-json\/wp\/v2\/product_tag?post=343158"}],"curies":[{"name":"wp","href":"https:\/\/api.w.org\/{rel}","templated":true}]}}