{"id":343603,"date":"2026-01-29T13:57:01","date_gmt":"2026-01-29T16:57:01","guid":{"rendered":"https:\/\/www.livrariarema.com.br\/loja\/produtos\/sem%20categoria\/mundo-do-fim-o-dr-david-jeremiah\/"},"modified":"2026-01-29T15:55:03","modified_gmt":"2026-01-29T18:55:03","slug":"mundo-do-fim-o-dr-david-jeremiah","status":"publish","type":"product","link":"https:\/\/www.livrariarema.com.br\/loja\/produtos\/livros\/vida-crista\/mundo-do-fim-o-dr-david-jeremiah\/","title":{"rendered":"Mundo Do Fim, O &#8211; Dr. David Jeremiah"},"content":{"rendered":"<p>Alguns dias parecem ser formados apenas por m\u00e1s not\u00edcias que v\u00eam de todos os lados. E, com as m\u00e1s not\u00edcias, surgem perguntas: &#8220;Por que isso est\u00e1 acontecendo?&#8221;, &#8220;Quando as coisas v\u00e3o melhorar?&#8221;, &#8220;O que podemos fazer diante dessa realidade?&#8221;. Talvez a quest\u00e3o mais urgente de todas seja: &#8220;Ser\u00e1 que estamos realmente no fim?&#8221;.<\/p>\n<p>Nestas p\u00e1ginas cheias de esperan\u00e7a, o autor best-seller, pastor e respeitado professor da B\u00edblia, Dr. David Jeremiah, nos convida a tirar o foco dos problemas que est\u00e3o diante de n\u00f3s e, principalmente, a voltar os olhos para a m\u00e3o de Deus. Isso porque o pr\u00f3prio Jesus nos revelou o que esperar deste per\u00edodo da hist\u00f3ria ao pregar seu Serm\u00e3o do Monte das Oliveiras &#8211; uma mensagem significativa que estudiosos chamam de &#8220;a passagem prof\u00e9tica mais importante de toda a B\u00edblia&#8221;.<\/p>\n<p>Com sua clareza caracter\u00edstica, o Dr. Jeremiah revela exatamente o que Jesus prometeu a n\u00f3s &#8211; e o que ele espera de n\u00f3s &#8211; \u00e0 medida que nos aproximamos do Mundo do Fim.<\/p>\n","protected":false},"excerpt":{"rendered":"<p>Alguns dias parecem ser formados apenas por m\u00e1s not\u00edcias que v\u00eam de todos os lados. E, com as m\u00e1s not\u00edcias,&hellip;<\/p>\n","protected":false},"featured_media":343751,"comment_status":"open","ping_status":"closed","template":"","meta":[],"product_cat":[134,137],"product_tag":[],"_links":{"self":[{"href":"https:\/\/www.livrariarema.com.br\/loja\/wp-json\/wp\/v2\/product\/343603"}],"collection":[{"href":"https:\/\/www.livrariarema.com.br\/loja\/wp-json\/wp\/v2\/product"}],"about":[{"href":"https:\/\/www.livrariarema.com.br\/loja\/wp-json\/wp\/v2\/types\/product"}],"replies":[{"embeddable":true,"href":"https:\/\/www.livrariarema.com.br\/loja\/wp-json\/wp\/v2\/comments?post=343603"}],"wp:featuredmedia":[{"embeddable":true,"href":"https:\/\/www.livrariarema.com.br\/loja\/wp-json\/wp\/v2\/media\/343751"}],"wp:attachment":[{"href":"https:\/\/www.livrariarema.com.br\/loja\/wp-json\/wp\/v2\/media?parent=343603"}],"wp:term":[{"taxonomy":"product_cat","embeddable":true,"href":"https:\/\/www.livrariarema.com.br\/loja\/wp-json\/wp\/v2\/product_cat?post=343603"},{"taxonomy":"product_tag","embeddable":true,"href":"https:\/\/www.livrariarema.com.br\/loja\/wp-json\/wp\/v2\/product_tag?post=343603"}],"curies":[{"name":"wp","href":"https:\/\/api.w.org\/{rel}","templated":true}]}}