{"id":344219,"date":"2026-02-10T17:31:09","date_gmt":"2026-02-10T20:31:09","guid":{"rendered":"https:\/\/www.livrariarema.com.br\/loja\/produtos\/sem categoria\/escolinha-baby-montessori-contrastes-formas\/"},"modified":"2026-02-28T11:30:52","modified_gmt":"2026-02-28T14:30:52","slug":"escolinha-baby-montessori-contrastes-formas","status":"publish","type":"product","link":"https:\/\/www.livrariarema.com.br\/loja\/produtos\/livros\/infantil\/escolinha-baby-montessori-contrastes-formas\/","title":{"rendered":"Escolinha Baby Montessori &#8211; Contrastes &#8211; Formas"},"content":{"rendered":"<p>Conhe\u00e7a as formas de um jeito diferente! Vamos juntos identific\u00e1-las nas p\u00e1ginas deste livro inspirado no M\u00c9TODO MONTESSORI. A crian\u00e7a pode observar as imagens em preto e branco, descobrir os detalhes sutis em vermelho e come\u00e7ar a explorar o mundo!<\/p>\n","protected":false},"excerpt":{"rendered":"<p>Conhe\u00e7a as formas de um jeito diferente! Vamos juntos identific\u00e1-las nas p\u00e1ginas deste livro inspirado no M\u00c9TODO MONTESSORI. A crian\u00e7a&hellip;<\/p>\n","protected":false},"featured_media":344218,"comment_status":"open","ping_status":"closed","template":"","meta":[],"product_cat":[144,134],"product_tag":[],"_links":{"self":[{"href":"https:\/\/www.livrariarema.com.br\/loja\/wp-json\/wp\/v2\/product\/344219"}],"collection":[{"href":"https:\/\/www.livrariarema.com.br\/loja\/wp-json\/wp\/v2\/product"}],"about":[{"href":"https:\/\/www.livrariarema.com.br\/loja\/wp-json\/wp\/v2\/types\/product"}],"replies":[{"embeddable":true,"href":"https:\/\/www.livrariarema.com.br\/loja\/wp-json\/wp\/v2\/comments?post=344219"}],"wp:featuredmedia":[{"embeddable":true,"href":"https:\/\/www.livrariarema.com.br\/loja\/wp-json\/wp\/v2\/media\/344218"}],"wp:attachment":[{"href":"https:\/\/www.livrariarema.com.br\/loja\/wp-json\/wp\/v2\/media?parent=344219"}],"wp:term":[{"taxonomy":"product_cat","embeddable":true,"href":"https:\/\/www.livrariarema.com.br\/loja\/wp-json\/wp\/v2\/product_cat?post=344219"},{"taxonomy":"product_tag","embeddable":true,"href":"https:\/\/www.livrariarema.com.br\/loja\/wp-json\/wp\/v2\/product_tag?post=344219"}],"curies":[{"name":"wp","href":"https:\/\/api.w.org\/{rel}","templated":true}]}}