{"id":344230,"date":"2026-02-10T17:32:17","date_gmt":"2026-02-10T20:32:17","guid":{"rendered":"https:\/\/www.livrariarema.com.br\/loja\/produtos\/sem categoria\/biblia-ilustrada-da-crianca-a\/"},"modified":"2026-02-12T18:16:53","modified_gmt":"2026-02-12T21:16:53","slug":"biblia-ilustrada-da-crianca-a","status":"publish","type":"product","link":"https:\/\/www.livrariarema.com.br\/loja\/produtos\/livros\/infantil\/biblia-ilustrada-da-crianca-a\/","title":{"rendered":"B\u00edblia Ilustrada Da Crian\u00e7a, A"},"content":{"rendered":"<p>Nesta B\u00edblia, belamente ilustrada, a crian\u00e7a ir\u00e1 aprender desde a cria\u00e7\u00e3o at\u00e9 a anuncia\u00e7\u00e3o das boas-novas. Aqui, as mais relevantes passagens b\u00edblicas s\u00e3o adaptadas de forma simplies e envolvente. Este \u00e9 um livro para ser compartilhado e lido,tamb\u00e9m, em voz alta. Certamente, esta ser\u00e1 uma maravilhosa introdu\u00e7\u00e3o \u00e1 palavra de Deus.<\/p>\n","protected":false},"excerpt":{"rendered":"<p>Nesta B\u00edblia, belamente ilustrada, a crian\u00e7a ir\u00e1 aprender desde a cria\u00e7\u00e3o at\u00e9 a anuncia\u00e7\u00e3o das boas-novas. Aqui, as mais relevantes&hellip;<\/p>\n","protected":false},"featured_media":344229,"comment_status":"open","ping_status":"closed","template":"","meta":[],"product_cat":[144,134],"product_tag":[],"_links":{"self":[{"href":"https:\/\/www.livrariarema.com.br\/loja\/wp-json\/wp\/v2\/product\/344230"}],"collection":[{"href":"https:\/\/www.livrariarema.com.br\/loja\/wp-json\/wp\/v2\/product"}],"about":[{"href":"https:\/\/www.livrariarema.com.br\/loja\/wp-json\/wp\/v2\/types\/product"}],"replies":[{"embeddable":true,"href":"https:\/\/www.livrariarema.com.br\/loja\/wp-json\/wp\/v2\/comments?post=344230"}],"wp:featuredmedia":[{"embeddable":true,"href":"https:\/\/www.livrariarema.com.br\/loja\/wp-json\/wp\/v2\/media\/344229"}],"wp:attachment":[{"href":"https:\/\/www.livrariarema.com.br\/loja\/wp-json\/wp\/v2\/media?parent=344230"}],"wp:term":[{"taxonomy":"product_cat","embeddable":true,"href":"https:\/\/www.livrariarema.com.br\/loja\/wp-json\/wp\/v2\/product_cat?post=344230"},{"taxonomy":"product_tag","embeddable":true,"href":"https:\/\/www.livrariarema.com.br\/loja\/wp-json\/wp\/v2\/product_tag?post=344230"}],"curies":[{"name":"wp","href":"https:\/\/api.w.org\/{rel}","templated":true}]}}