{"id":344231,"date":"2026-02-10T17:32:21","date_gmt":"2026-02-10T20:32:21","guid":{"rendered":"https:\/\/www.livrariarema.com.br\/loja\/produtos\/sem categoria\/meu-livro-fofinho-biblia-do-bebe-x\/"},"modified":"2026-04-02T12:10:36","modified_gmt":"2026-04-02T15:10:36","slug":"meu-livro-fofinho-biblia-do-bebe-x","status":"publish","type":"product","link":"https:\/\/www.livrariarema.com.br\/loja\/produtos\/livros\/infantil\/meu-livro-fofinho-biblia-do-bebe-x\/","title":{"rendered":"Meu Livro Fofinho: B\u00edblia Do Beb\u00ea X"},"content":{"rendered":"<p>Este livrinho, delicadamente ilustrado apresenta ao beb\u00ea as primeiras hist\u00f3rias de modo simples e l\u00fadico.<\/p>\n","protected":false},"excerpt":{"rendered":"<p>Este livrinho, delicadamente ilustrado apresenta ao beb\u00ea as primeiras hist\u00f3rias de modo simples e l\u00fadico.<\/p>\n","protected":false},"featured_media":0,"comment_status":"open","ping_status":"closed","template":"","meta":[],"product_cat":[144,134],"product_tag":[],"_links":{"self":[{"href":"https:\/\/www.livrariarema.com.br\/loja\/wp-json\/wp\/v2\/product\/344231"}],"collection":[{"href":"https:\/\/www.livrariarema.com.br\/loja\/wp-json\/wp\/v2\/product"}],"about":[{"href":"https:\/\/www.livrariarema.com.br\/loja\/wp-json\/wp\/v2\/types\/product"}],"replies":[{"embeddable":true,"href":"https:\/\/www.livrariarema.com.br\/loja\/wp-json\/wp\/v2\/comments?post=344231"}],"wp:attachment":[{"href":"https:\/\/www.livrariarema.com.br\/loja\/wp-json\/wp\/v2\/media?parent=344231"}],"wp:term":[{"taxonomy":"product_cat","embeddable":true,"href":"https:\/\/www.livrariarema.com.br\/loja\/wp-json\/wp\/v2\/product_cat?post=344231"},{"taxonomy":"product_tag","embeddable":true,"href":"https:\/\/www.livrariarema.com.br\/loja\/wp-json\/wp\/v2\/product_tag?post=344231"}],"curies":[{"name":"wp","href":"https:\/\/api.w.org\/{rel}","templated":true}]}}