{"id":344410,"date":"2026-02-11T14:20:51","date_gmt":"2026-02-11T17:20:51","guid":{"rendered":"https:\/\/www.livrariarema.com.br\/loja\/produtos\/sem categoria\/diversao-com-feltros-aventura-no-oceano\/"},"modified":"2026-02-11T14:20:54","modified_gmt":"2026-02-11T17:20:54","slug":"diversao-com-feltros-aventura-no-oceano","status":"publish","type":"product","link":"https:\/\/www.livrariarema.com.br\/loja\/produtos\/livros\/infantil\/diversao-com-feltros-aventura-no-oceano\/","title":{"rendered":"Diversao Com Feltros &#8211; Aventura No Oceano"},"content":{"rendered":"<p>Um livro interativo encantador, com pe\u00e7as em feltro, macias e felpudas! A crian\u00e7a vai adorar combinar os personagens \u00e0s cenas e viver aventuras incr\u00edveis no oceano.<\/p>\n","protected":false},"excerpt":{"rendered":"<p>Um livro interativo encantador, com pe\u00e7as em feltro, macias e felpudas! A crian\u00e7a vai adorar combinar os personagens \u00e0s cenas&hellip;<\/p>\n","protected":false},"featured_media":344409,"comment_status":"open","ping_status":"closed","template":"","meta":[],"product_cat":[144,134],"product_tag":[],"_links":{"self":[{"href":"https:\/\/www.livrariarema.com.br\/loja\/wp-json\/wp\/v2\/product\/344410"}],"collection":[{"href":"https:\/\/www.livrariarema.com.br\/loja\/wp-json\/wp\/v2\/product"}],"about":[{"href":"https:\/\/www.livrariarema.com.br\/loja\/wp-json\/wp\/v2\/types\/product"}],"replies":[{"embeddable":true,"href":"https:\/\/www.livrariarema.com.br\/loja\/wp-json\/wp\/v2\/comments?post=344410"}],"wp:featuredmedia":[{"embeddable":true,"href":"https:\/\/www.livrariarema.com.br\/loja\/wp-json\/wp\/v2\/media\/344409"}],"wp:attachment":[{"href":"https:\/\/www.livrariarema.com.br\/loja\/wp-json\/wp\/v2\/media?parent=344410"}],"wp:term":[{"taxonomy":"product_cat","embeddable":true,"href":"https:\/\/www.livrariarema.com.br\/loja\/wp-json\/wp\/v2\/product_cat?post=344410"},{"taxonomy":"product_tag","embeddable":true,"href":"https:\/\/www.livrariarema.com.br\/loja\/wp-json\/wp\/v2\/product_tag?post=344410"}],"curies":[{"name":"wp","href":"https:\/\/api.w.org\/{rel}","templated":true}]}}