{"id":344462,"date":"2026-02-11T14:26:28","date_gmt":"2026-02-11T17:26:28","guid":{"rendered":"https:\/\/www.livrariarema.com.br\/loja\/produtos\/sem categoria\/escolinha-baby-montessori-contrastes-dia-e-noite\/"},"modified":"2026-02-28T11:30:46","modified_gmt":"2026-02-28T14:30:46","slug":"escolinha-baby-montessori-contrastes-dia-e-noite","status":"publish","type":"product","link":"https:\/\/www.livrariarema.com.br\/loja\/produtos\/livros\/infantil\/escolinha-baby-montessori-contrastes-dia-e-noite\/","title":{"rendered":"Escolinha Baby Montessori &#8211; Contrastes &#8211; Dia E Noite"},"content":{"rendered":"<p>Dia e noite, \u00e9 um convite para conhecer a diferen\u00e7a de claro e escuro e de como aproveit\u00e1-lo. Vamos juntos admirar as p\u00e1ginas deste livro inspirado no M\u00c9TODO MONTESSORI. A crian\u00e7a pode observar as imagens em preto e branco, descobrir os detalhes sutis em vermelho e come\u00e7ar a explorar o mundo!<\/p>\n","protected":false},"excerpt":{"rendered":"<p>Dia e noite, \u00e9 um convite para conhecer a diferen\u00e7a de claro e escuro e de como aproveit\u00e1-lo. Vamos juntos&hellip;<\/p>\n","protected":false},"featured_media":344461,"comment_status":"open","ping_status":"closed","template":"","meta":[],"product_cat":[144,134],"product_tag":[],"_links":{"self":[{"href":"https:\/\/www.livrariarema.com.br\/loja\/wp-json\/wp\/v2\/product\/344462"}],"collection":[{"href":"https:\/\/www.livrariarema.com.br\/loja\/wp-json\/wp\/v2\/product"}],"about":[{"href":"https:\/\/www.livrariarema.com.br\/loja\/wp-json\/wp\/v2\/types\/product"}],"replies":[{"embeddable":true,"href":"https:\/\/www.livrariarema.com.br\/loja\/wp-json\/wp\/v2\/comments?post=344462"}],"wp:featuredmedia":[{"embeddable":true,"href":"https:\/\/www.livrariarema.com.br\/loja\/wp-json\/wp\/v2\/media\/344461"}],"wp:attachment":[{"href":"https:\/\/www.livrariarema.com.br\/loja\/wp-json\/wp\/v2\/media?parent=344462"}],"wp:term":[{"taxonomy":"product_cat","embeddable":true,"href":"https:\/\/www.livrariarema.com.br\/loja\/wp-json\/wp\/v2\/product_cat?post=344462"},{"taxonomy":"product_tag","embeddable":true,"href":"https:\/\/www.livrariarema.com.br\/loja\/wp-json\/wp\/v2\/product_tag?post=344462"}],"curies":[{"name":"wp","href":"https:\/\/api.w.org\/{rel}","templated":true}]}}