{"id":344464,"date":"2026-02-11T14:26:33","date_gmt":"2026-02-11T17:26:33","guid":{"rendered":"https:\/\/www.livrariarema.com.br\/loja\/produtos\/sem categoria\/escolinha-baby-montessori-contrastes-opostos\/"},"modified":"2026-02-28T11:30:33","modified_gmt":"2026-02-28T14:30:33","slug":"escolinha-baby-montessori-contrastes-opostos","status":"publish","type":"product","link":"https:\/\/www.livrariarema.com.br\/loja\/produtos\/livros\/infantil\/escolinha-baby-montessori-contrastes-opostos\/","title":{"rendered":"Escolinha Baby Montessori &#8211; Contrastes &#8211; Opostos"},"content":{"rendered":"<p>Aprender os opostos \u00e9 essencial para o desenvolvimento da linguagem, pensamento abstrato e habilidades de resolu\u00e7\u00e3o de problemas. Vamos juntos observar as p\u00e1ginas deste livro inspirado no M\u00c9TODO MONTESSORI. A crian\u00e7a pode observar as imagens em preto e branco, descobrir os detalhes sutis em vermelho e come\u00e7ar a explorar o mundo!<\/p>\n","protected":false},"excerpt":{"rendered":"<p>Aprender os opostos \u00e9 essencial para o desenvolvimento da linguagem, pensamento abstrato e habilidades de resolu\u00e7\u00e3o de problemas. Vamos juntos&hellip;<\/p>\n","protected":false},"featured_media":344463,"comment_status":"open","ping_status":"closed","template":"","meta":[],"product_cat":[144,134],"product_tag":[],"_links":{"self":[{"href":"https:\/\/www.livrariarema.com.br\/loja\/wp-json\/wp\/v2\/product\/344464"}],"collection":[{"href":"https:\/\/www.livrariarema.com.br\/loja\/wp-json\/wp\/v2\/product"}],"about":[{"href":"https:\/\/www.livrariarema.com.br\/loja\/wp-json\/wp\/v2\/types\/product"}],"replies":[{"embeddable":true,"href":"https:\/\/www.livrariarema.com.br\/loja\/wp-json\/wp\/v2\/comments?post=344464"}],"wp:featuredmedia":[{"embeddable":true,"href":"https:\/\/www.livrariarema.com.br\/loja\/wp-json\/wp\/v2\/media\/344463"}],"wp:attachment":[{"href":"https:\/\/www.livrariarema.com.br\/loja\/wp-json\/wp\/v2\/media?parent=344464"}],"wp:term":[{"taxonomy":"product_cat","embeddable":true,"href":"https:\/\/www.livrariarema.com.br\/loja\/wp-json\/wp\/v2\/product_cat?post=344464"},{"taxonomy":"product_tag","embeddable":true,"href":"https:\/\/www.livrariarema.com.br\/loja\/wp-json\/wp\/v2\/product_tag?post=344464"}],"curies":[{"name":"wp","href":"https:\/\/api.w.org\/{rel}","templated":true}]}}