{"id":344504,"date":"2026-02-11T14:30:52","date_gmt":"2026-02-11T17:30:52","guid":{"rendered":"https:\/\/www.livrariarema.com.br\/loja\/produtos\/sem categoria\/adesivos-brilhantasticos-ii-animais\/"},"modified":"2026-04-04T13:11:15","modified_gmt":"2026-04-04T16:11:15","slug":"adesivos-brilhantasticos-ii-animais","status":"publish","type":"product","link":"https:\/\/www.livrariarema.com.br\/loja\/produtos\/livros\/infantil\/adesivos-brilhantasticos-ii-animais\/","title":{"rendered":"Adesivos Brilhantasticos Ii! Animais"},"content":{"rendered":"<p>Este livro de atividades para colorir traz desenhos fant\u00e1sticos para a crian\u00e7a pintar. Al\u00e9m disso, possui 1200 adesivos de strass para usar a criatividade e decorar as p\u00e1ginas dos desenhos, enquanto se diverte.<\/p>\n","protected":false},"excerpt":{"rendered":"<p>Este livro de atividades para colorir traz desenhos fant\u00e1sticos para a crian\u00e7a pintar. Al\u00e9m disso, possui 1200 adesivos de strass&hellip;<\/p>\n","protected":false},"featured_media":344503,"comment_status":"open","ping_status":"closed","template":"","meta":[],"product_cat":[144,134],"product_tag":[],"_links":{"self":[{"href":"https:\/\/www.livrariarema.com.br\/loja\/wp-json\/wp\/v2\/product\/344504"}],"collection":[{"href":"https:\/\/www.livrariarema.com.br\/loja\/wp-json\/wp\/v2\/product"}],"about":[{"href":"https:\/\/www.livrariarema.com.br\/loja\/wp-json\/wp\/v2\/types\/product"}],"replies":[{"embeddable":true,"href":"https:\/\/www.livrariarema.com.br\/loja\/wp-json\/wp\/v2\/comments?post=344504"}],"wp:featuredmedia":[{"embeddable":true,"href":"https:\/\/www.livrariarema.com.br\/loja\/wp-json\/wp\/v2\/media\/344503"}],"wp:attachment":[{"href":"https:\/\/www.livrariarema.com.br\/loja\/wp-json\/wp\/v2\/media?parent=344504"}],"wp:term":[{"taxonomy":"product_cat","embeddable":true,"href":"https:\/\/www.livrariarema.com.br\/loja\/wp-json\/wp\/v2\/product_cat?post=344504"},{"taxonomy":"product_tag","embeddable":true,"href":"https:\/\/www.livrariarema.com.br\/loja\/wp-json\/wp\/v2\/product_tag?post=344504"}],"curies":[{"name":"wp","href":"https:\/\/api.w.org\/{rel}","templated":true}]}}