{"id":344506,"date":"2026-02-11T14:30:59","date_gmt":"2026-02-11T17:30:59","guid":{"rendered":"https:\/\/www.livrariarema.com.br\/loja\/produtos\/sem categoria\/adesivos-brilhantasticos-ii-dinossauros\/"},"modified":"2026-02-11T14:31:02","modified_gmt":"2026-02-11T17:31:02","slug":"adesivos-brilhantasticos-ii-dinossauros","status":"publish","type":"product","link":"https:\/\/www.livrariarema.com.br\/loja\/produtos\/livros\/infantil\/adesivos-brilhantasticos-ii-dinossauros\/","title":{"rendered":"Adesivos Brilhantasticos Ii! Dinossauros"},"content":{"rendered":"<p>Este livro de atividades para colorir traz desenhos fant\u00e1sticos para a crian\u00e7a pintar. Al\u00e9m disso, possui 1200 adesivos de strass para usar a criatividade e decorar as p\u00e1ginas dos desenhos, enquanto se diverte.<\/p>\n","protected":false},"excerpt":{"rendered":"<p>Este livro de atividades para colorir traz desenhos fant\u00e1sticos para a crian\u00e7a pintar. Al\u00e9m disso, possui 1200 adesivos de strass&hellip;<\/p>\n","protected":false},"featured_media":344505,"comment_status":"open","ping_status":"closed","template":"","meta":[],"product_cat":[144,134],"product_tag":[],"_links":{"self":[{"href":"https:\/\/www.livrariarema.com.br\/loja\/wp-json\/wp\/v2\/product\/344506"}],"collection":[{"href":"https:\/\/www.livrariarema.com.br\/loja\/wp-json\/wp\/v2\/product"}],"about":[{"href":"https:\/\/www.livrariarema.com.br\/loja\/wp-json\/wp\/v2\/types\/product"}],"replies":[{"embeddable":true,"href":"https:\/\/www.livrariarema.com.br\/loja\/wp-json\/wp\/v2\/comments?post=344506"}],"wp:featuredmedia":[{"embeddable":true,"href":"https:\/\/www.livrariarema.com.br\/loja\/wp-json\/wp\/v2\/media\/344505"}],"wp:attachment":[{"href":"https:\/\/www.livrariarema.com.br\/loja\/wp-json\/wp\/v2\/media?parent=344506"}],"wp:term":[{"taxonomy":"product_cat","embeddable":true,"href":"https:\/\/www.livrariarema.com.br\/loja\/wp-json\/wp\/v2\/product_cat?post=344506"},{"taxonomy":"product_tag","embeddable":true,"href":"https:\/\/www.livrariarema.com.br\/loja\/wp-json\/wp\/v2\/product_tag?post=344506"}],"curies":[{"name":"wp","href":"https:\/\/api.w.org\/{rel}","templated":true}]}}