{"id":344508,"date":"2026-02-11T14:31:06","date_gmt":"2026-02-11T17:31:06","guid":{"rendered":"https:\/\/www.livrariarema.com.br\/loja\/produtos\/sem categoria\/adesivos-brilhantasticos-ii-princesas\/"},"modified":"2026-03-13T13:31:40","modified_gmt":"2026-03-13T16:31:40","slug":"adesivos-brilhantasticos-ii-princesas","status":"publish","type":"product","link":"https:\/\/www.livrariarema.com.br\/loja\/produtos\/livros\/infantil\/adesivos-brilhantasticos-ii-princesas\/","title":{"rendered":"Adesivos Brilhantasticos Ii &#8211; Princesas"},"content":{"rendered":"<p>Este livro de atividades para colorir traz desenhos fant\u00e1sticos para a crian\u00e7a pintar. Al\u00e9m disso, possui 1200 adesivos de strass para usar a criatividade e decorar as p\u00e1ginas dos desenhos, enquanto se diverte.<\/p>\n","protected":false},"excerpt":{"rendered":"<p>Este livro de atividades para colorir traz desenhos fant\u00e1sticos para a crian\u00e7a pintar. Al\u00e9m disso, possui 1200 adesivos de strass&hellip;<\/p>\n","protected":false},"featured_media":344507,"comment_status":"open","ping_status":"closed","template":"","meta":[],"product_cat":[144,134],"product_tag":[],"_links":{"self":[{"href":"https:\/\/www.livrariarema.com.br\/loja\/wp-json\/wp\/v2\/product\/344508"}],"collection":[{"href":"https:\/\/www.livrariarema.com.br\/loja\/wp-json\/wp\/v2\/product"}],"about":[{"href":"https:\/\/www.livrariarema.com.br\/loja\/wp-json\/wp\/v2\/types\/product"}],"replies":[{"embeddable":true,"href":"https:\/\/www.livrariarema.com.br\/loja\/wp-json\/wp\/v2\/comments?post=344508"}],"wp:featuredmedia":[{"embeddable":true,"href":"https:\/\/www.livrariarema.com.br\/loja\/wp-json\/wp\/v2\/media\/344507"}],"wp:attachment":[{"href":"https:\/\/www.livrariarema.com.br\/loja\/wp-json\/wp\/v2\/media?parent=344508"}],"wp:term":[{"taxonomy":"product_cat","embeddable":true,"href":"https:\/\/www.livrariarema.com.br\/loja\/wp-json\/wp\/v2\/product_cat?post=344508"},{"taxonomy":"product_tag","embeddable":true,"href":"https:\/\/www.livrariarema.com.br\/loja\/wp-json\/wp\/v2\/product_tag?post=344508"}],"curies":[{"name":"wp","href":"https:\/\/api.w.org\/{rel}","templated":true}]}}