{"id":344517,"date":"2026-02-11T14:32:13","date_gmt":"2026-02-11T17:32:13","guid":{"rendered":"https:\/\/www.livrariarema.com.br\/loja\/produtos\/sem categoria\/olhinhos-doidinhos-atividades-adesivos-animais-divertidos\/"},"modified":"2026-04-02T17:30:41","modified_gmt":"2026-04-02T20:30:41","slug":"olhinhos-doidinhos-atividades-adesivos-animais-divertidos","status":"publish","type":"product","link":"https:\/\/www.livrariarema.com.br\/loja\/produtos\/livros\/infantil\/olhinhos-doidinhos-atividades-adesivos-animais-divertidos\/","title":{"rendered":"Olhinhos Doidinhos &#8211; Atividades &amp; Adesivos &#8211; Animais Divertidos"},"content":{"rendered":"<p>Mergulhe na magia! Este livro vem repleto de atividades fant\u00e1sticas e adesivos 3D com olhos brilhantes e esbugalhados. Com ilustra\u00e7\u00f5es grandes e vibrantes, \u00e9 o livro encantador perfeito para envolver a mente e a imagina\u00e7\u00e3o da crian\u00e7a. Use os adesivos para decorar livros, cadernos, objetos&#8230; e tudo o que a criatividade permitir!<\/p>\n","protected":false},"excerpt":{"rendered":"<p>Mergulhe na magia! Este livro vem repleto de atividades fant\u00e1sticas e adesivos 3D com olhos brilhantes e esbugalhados. Com ilustra\u00e7\u00f5es&hellip;<\/p>\n","protected":false},"featured_media":344516,"comment_status":"open","ping_status":"closed","template":"","meta":[],"product_cat":[144,134],"product_tag":[],"_links":{"self":[{"href":"https:\/\/www.livrariarema.com.br\/loja\/wp-json\/wp\/v2\/product\/344517"}],"collection":[{"href":"https:\/\/www.livrariarema.com.br\/loja\/wp-json\/wp\/v2\/product"}],"about":[{"href":"https:\/\/www.livrariarema.com.br\/loja\/wp-json\/wp\/v2\/types\/product"}],"replies":[{"embeddable":true,"href":"https:\/\/www.livrariarema.com.br\/loja\/wp-json\/wp\/v2\/comments?post=344517"}],"wp:featuredmedia":[{"embeddable":true,"href":"https:\/\/www.livrariarema.com.br\/loja\/wp-json\/wp\/v2\/media\/344516"}],"wp:attachment":[{"href":"https:\/\/www.livrariarema.com.br\/loja\/wp-json\/wp\/v2\/media?parent=344517"}],"wp:term":[{"taxonomy":"product_cat","embeddable":true,"href":"https:\/\/www.livrariarema.com.br\/loja\/wp-json\/wp\/v2\/product_cat?post=344517"},{"taxonomy":"product_tag","embeddable":true,"href":"https:\/\/www.livrariarema.com.br\/loja\/wp-json\/wp\/v2\/product_tag?post=344517"}],"curies":[{"name":"wp","href":"https:\/\/api.w.org\/{rel}","templated":true}]}}