{"id":344527,"date":"2026-02-11T14:32:43","date_gmt":"2026-02-11T17:32:43","guid":{"rendered":"https:\/\/www.livrariarema.com.br\/loja\/produtos\/sem categoria\/1000-adesivos-incriveis-dinossauros\/"},"modified":"2026-02-11T14:32:46","modified_gmt":"2026-02-11T17:32:46","slug":"1000-adesivos-incriveis-dinossauros","status":"publish","type":"product","link":"https:\/\/www.livrariarema.com.br\/loja\/produtos\/livros\/infantil\/1000-adesivos-incriveis-dinossauros\/","title":{"rendered":"1000 Adesivos Incriveis &#8211; Dinossauros"},"content":{"rendered":"<p>Chegou a hora de desenhar! Descubra cen\u00e1rios encantadores, \u00ea vida \u00e1s suas pr\u00f3pias hist\u00f3rias e fa\u00e7a o espet\u00e1culo acontecer, com 1000 adesivos para criar e montar suas pr\u00f3prias cenas.<\/p>\n","protected":false},"excerpt":{"rendered":"<p>Chegou a hora de desenhar! Descubra cen\u00e1rios encantadores, \u00ea vida \u00e1s suas pr\u00f3pias hist\u00f3rias e fa\u00e7a o espet\u00e1culo acontecer, com&hellip;<\/p>\n","protected":false},"featured_media":344526,"comment_status":"open","ping_status":"closed","template":"","meta":[],"product_cat":[144,134],"product_tag":[],"_links":{"self":[{"href":"https:\/\/www.livrariarema.com.br\/loja\/wp-json\/wp\/v2\/product\/344527"}],"collection":[{"href":"https:\/\/www.livrariarema.com.br\/loja\/wp-json\/wp\/v2\/product"}],"about":[{"href":"https:\/\/www.livrariarema.com.br\/loja\/wp-json\/wp\/v2\/types\/product"}],"replies":[{"embeddable":true,"href":"https:\/\/www.livrariarema.com.br\/loja\/wp-json\/wp\/v2\/comments?post=344527"}],"wp:featuredmedia":[{"embeddable":true,"href":"https:\/\/www.livrariarema.com.br\/loja\/wp-json\/wp\/v2\/media\/344526"}],"wp:attachment":[{"href":"https:\/\/www.livrariarema.com.br\/loja\/wp-json\/wp\/v2\/media?parent=344527"}],"wp:term":[{"taxonomy":"product_cat","embeddable":true,"href":"https:\/\/www.livrariarema.com.br\/loja\/wp-json\/wp\/v2\/product_cat?post=344527"},{"taxonomy":"product_tag","embeddable":true,"href":"https:\/\/www.livrariarema.com.br\/loja\/wp-json\/wp\/v2\/product_tag?post=344527"}],"curies":[{"name":"wp","href":"https:\/\/api.w.org\/{rel}","templated":true}]}}