{"id":344530,"date":"2026-02-11T14:32:57","date_gmt":"2026-02-11T17:32:57","guid":{"rendered":"https:\/\/www.livrariarema.com.br\/loja\/produtos\/sem categoria\/perguntas-e-respostas-da-biblia-para-criancas-dave-strehler\/"},"modified":"2026-02-21T13:11:04","modified_gmt":"2026-02-21T16:11:04","slug":"perguntas-e-respostas-da-biblia-para-criancas-dave-strehler","status":"publish","type":"product","link":"https:\/\/www.livrariarema.com.br\/loja\/produtos\/livros\/juvenil\/perguntas-e-respostas-da-biblia-para-criancas-dave-strehler\/","title":{"rendered":"Perguntas E Respostas Da B\u00edblia Para Crian\u00e7as &#8211; Dave Strehler"},"content":{"rendered":"<p>Voc\u00ea tem curiosidade sobre Deus, a f\u00e9 e os mist\u00e9rios da B\u00edblia? Este \u00e9 o livro certo para voc\u00ea! Com respostas para 80 perguntas curiosas, ele ajuda voc\u00ea a conhecer melhor Deus, a cria\u00e7\u00e3o e o plano especial que Ele tem para voc\u00ea. Descubra os 66 livros da B\u00edblia, memorize um vers\u00edculo-chave de cada um e responda aos quizzes espalhados pelo livro para revelar uma mensagem secreta incr\u00edvel! Deus nos deu um presente precioso: Sua Palavra. Nela, voc\u00ea encontra respostas para perguntas importantes da vida e aprende de forma divertida e interativa. Prepare-se para explorar, aprender e se encantar com cada p\u00e1gina!<\/p>\n","protected":false},"excerpt":{"rendered":"<p>Voc\u00ea tem curiosidade sobre Deus, a f\u00e9 e os mist\u00e9rios da B\u00edblia? Este \u00e9 o livro certo para voc\u00ea! Com&hellip;<\/p>\n","protected":false},"featured_media":344529,"comment_status":"open","ping_status":"closed","template":"","meta":[],"product_cat":[184,134],"product_tag":[],"_links":{"self":[{"href":"https:\/\/www.livrariarema.com.br\/loja\/wp-json\/wp\/v2\/product\/344530"}],"collection":[{"href":"https:\/\/www.livrariarema.com.br\/loja\/wp-json\/wp\/v2\/product"}],"about":[{"href":"https:\/\/www.livrariarema.com.br\/loja\/wp-json\/wp\/v2\/types\/product"}],"replies":[{"embeddable":true,"href":"https:\/\/www.livrariarema.com.br\/loja\/wp-json\/wp\/v2\/comments?post=344530"}],"wp:featuredmedia":[{"embeddable":true,"href":"https:\/\/www.livrariarema.com.br\/loja\/wp-json\/wp\/v2\/media\/344529"}],"wp:attachment":[{"href":"https:\/\/www.livrariarema.com.br\/loja\/wp-json\/wp\/v2\/media?parent=344530"}],"wp:term":[{"taxonomy":"product_cat","embeddable":true,"href":"https:\/\/www.livrariarema.com.br\/loja\/wp-json\/wp\/v2\/product_cat?post=344530"},{"taxonomy":"product_tag","embeddable":true,"href":"https:\/\/www.livrariarema.com.br\/loja\/wp-json\/wp\/v2\/product_tag?post=344530"}],"curies":[{"name":"wp","href":"https:\/\/api.w.org\/{rel}","templated":true}]}}