{"id":344832,"date":"2026-02-19T12:16:33","date_gmt":"2026-02-19T15:16:33","guid":{"rendered":"https:\/\/www.livrariarema.com.br\/loja\/produtos\/sem categoria\/deus-revelacoes-e-autoridade-carl-f-h-henry\/"},"modified":"2026-02-19T12:16:36","modified_gmt":"2026-02-19T15:16:36","slug":"deus-revelacoes-e-autoridade-carl-f-h-henry","status":"publish","type":"product","link":"https:\/\/www.livrariarema.com.br\/loja\/produtos\/promocao\/livros-promocao\/deus-revelacoes-e-autoridade-carl-f-h-henry\/","title":{"rendered":"Deus, Revela\u00e7\u00f5es E Autoridade &#8211; Carl F. H. Henry"},"content":{"rendered":"<p>Deus, revela\u00e7\u00e3o e autoridade representa um esfor\u00e7o em desafiar o rumo da teologia moderna. Deus, revela\u00e7\u00e3o e autoridade \u00e9 um desafio ao perfil teol\u00f3gico flutuante de um s\u00e9culo sem o suporte de uma dire\u00e7\u00e3o religiosa.<\/p>\n<p>A inten\u00e7\u00e3o desta obra foi e \u00e9 a de confrontar o liberalismo vacilante que tomou conta da arena espiritual. Com um apelo pela recupera\u00e7\u00e3o de sua trajet\u00f3ria desorientada, o projeto apresenta um chamamento para a reconsidera\u00e7\u00e3o e a reavalia\u00e7\u00e3o dos aspectos distintivos da heran\u00e7a b\u00edblica abandonada. Aqui est\u00e1 uma tentativa s\u00e9ria de afirma\u00e7\u00e3o da revela\u00e7\u00e3o das Escrituras em seus pr\u00f3prios termos, totalmente consciente das quest\u00f5es em risco, tanto na hist\u00f3ria do pensamento ocidental como na teologia contempor\u00e2nea.<\/p>\n<p>A ambi\u00e7\u00e3o do autor com Deus, revela\u00e7\u00e3o e autoridade n\u00e3o foi, por\u00e9m, a de meramente apontar as fraquezas contagiantes e as pesadas consequ\u00eancias da teologia moderna. Ele tencionava apresentar o poder l\u00f3gico da verdade e a relev\u00e2ncia permanente da alternativa das Escrituras.<\/p>\n","protected":false},"excerpt":{"rendered":"<p>Deus, revela\u00e7\u00e3o e autoridade representa um esfor\u00e7o em desafiar o rumo da teologia moderna. Deus, revela\u00e7\u00e3o e autoridade \u00e9 um&hellip;<\/p>\n","protected":false},"featured_media":344831,"comment_status":"open","ping_status":"closed","template":"","meta":[],"product_cat":[143,142],"product_tag":[],"_links":{"self":[{"href":"https:\/\/www.livrariarema.com.br\/loja\/wp-json\/wp\/v2\/product\/344832"}],"collection":[{"href":"https:\/\/www.livrariarema.com.br\/loja\/wp-json\/wp\/v2\/product"}],"about":[{"href":"https:\/\/www.livrariarema.com.br\/loja\/wp-json\/wp\/v2\/types\/product"}],"replies":[{"embeddable":true,"href":"https:\/\/www.livrariarema.com.br\/loja\/wp-json\/wp\/v2\/comments?post=344832"}],"wp:featuredmedia":[{"embeddable":true,"href":"https:\/\/www.livrariarema.com.br\/loja\/wp-json\/wp\/v2\/media\/344831"}],"wp:attachment":[{"href":"https:\/\/www.livrariarema.com.br\/loja\/wp-json\/wp\/v2\/media?parent=344832"}],"wp:term":[{"taxonomy":"product_cat","embeddable":true,"href":"https:\/\/www.livrariarema.com.br\/loja\/wp-json\/wp\/v2\/product_cat?post=344832"},{"taxonomy":"product_tag","embeddable":true,"href":"https:\/\/www.livrariarema.com.br\/loja\/wp-json\/wp\/v2\/product_tag?post=344832"}],"curies":[{"name":"wp","href":"https:\/\/api.w.org\/{rel}","templated":true}]}}