{"id":345237,"date":"2026-02-24T12:14:32","date_gmt":"2026-02-24T15:14:32","guid":{"rendered":"https:\/\/www.livrariarema.com.br\/loja\/produtos\/sem categoria\/meu-plano-perfeito-capa-coracao\/"},"modified":"2026-04-24T10:33:29","modified_gmt":"2026-04-24T13:33:29","slug":"meu-plano-perfeito-capa-coracao","status":"publish","type":"product","link":"https:\/\/www.livrariarema.com.br\/loja\/produtos\/papelaria\/agenda\/meu-plano-perfeito-capa-coracao\/","title":{"rendered":"Meu Plano Perfeito &#8211; Capa Cora\u00e7\u00e3o"},"content":{"rendered":"<p>Um planner que vai te ajudar a Florescer<\/p>\n<p>Voc\u00ea pode ser do tipo que ama organiza\u00e7\u00e3o, ou, quem sabe, do tipo que fica com dor de cabe\u00e7a s\u00f3 de olhar para uma lista &#8211; seja como for, este planner \u00e9 para voc\u00ea!<br \/>\nIsso porque ele re\u00fane todas as fun\u00e7\u00f5es de uma agenda &#8211; com planejamento anual, mensal e semanal &#8211; de forma simplificada e intuitiva, e tem tamb\u00e9m um tant\u00e3o de espa\u00e7o livre para voc\u00ea bagun\u00e7ar como quiser.<br \/>\nAl\u00e9m disso, enquanto organiza seus pr\u00f3ximos passos, convidamos voc\u00ea a pensar sobre como lida com o tempo e, o mais importante, como Deus espera que experimentemos cada esta\u00e7\u00e3o da nossa vida.<\/p>\n<p>Caracter\u00edsticas:<br \/>\nPlanner n\u00e3o datado, ou seja, voc\u00ea pode come\u00e7ar a usar quando quiser;<br \/>\nOrganiza\u00e7\u00e3o feita por meses, com planejamento anual, mensal e semanal;<br \/>\nConta com rastreador de h\u00e1bitos, plano de estudo mensal, espa\u00e7o para escrever sua grade hor\u00e1ria e muitas outras ferramentas de organiza\u00e7\u00e3o;<br \/>\nVem com bolso de papel para guardar coisas importantes e adesivos para decorar as p\u00e1ginas;<br \/>\nEspa\u00e7o para voc\u00ea anotar suas s\u00e9ries, filmes e livros preferidos;<br \/>\nInterior completamente colorido;<br \/>\nCont\u00e9m uma aba livre ao final, para voc\u00ea usar como quiser!<\/p>\n","protected":false},"excerpt":{"rendered":"<p>Um planner que vai te ajudar a Florescer Voc\u00ea pode ser do tipo que ama organiza\u00e7\u00e3o, ou, quem sabe, do&hellip;<\/p>\n","protected":false},"featured_media":347098,"comment_status":"open","ping_status":"closed","template":"","meta":[],"product_cat":[248,215],"product_tag":[],"_links":{"self":[{"href":"https:\/\/www.livrariarema.com.br\/loja\/wp-json\/wp\/v2\/product\/345237"}],"collection":[{"href":"https:\/\/www.livrariarema.com.br\/loja\/wp-json\/wp\/v2\/product"}],"about":[{"href":"https:\/\/www.livrariarema.com.br\/loja\/wp-json\/wp\/v2\/types\/product"}],"replies":[{"embeddable":true,"href":"https:\/\/www.livrariarema.com.br\/loja\/wp-json\/wp\/v2\/comments?post=345237"}],"wp:featuredmedia":[{"embeddable":true,"href":"https:\/\/www.livrariarema.com.br\/loja\/wp-json\/wp\/v2\/media\/347098"}],"wp:attachment":[{"href":"https:\/\/www.livrariarema.com.br\/loja\/wp-json\/wp\/v2\/media?parent=345237"}],"wp:term":[{"taxonomy":"product_cat","embeddable":true,"href":"https:\/\/www.livrariarema.com.br\/loja\/wp-json\/wp\/v2\/product_cat?post=345237"},{"taxonomy":"product_tag","embeddable":true,"href":"https:\/\/www.livrariarema.com.br\/loja\/wp-json\/wp\/v2\/product_tag?post=345237"}],"curies":[{"name":"wp","href":"https:\/\/api.w.org\/{rel}","templated":true}]}}

Meu Plano Perfeito &#8211; Capa Coração

<p>Um planner que vai te ajudar a Florescer</p>
<p>Você pode ser do tipo que ama organização, ou, quem sabe, do tipo que fica com dor de cabeça só de olhar para uma lista &#8211; seja como for, este planner é para você!<br />
Isso porque ele reúne todas as funções de uma agenda &#8211; com planejamento anual, mensal e semanal &#8211; de forma simplificada e intuitiva, e tem também um tantão de espaço livre para você bagunçar como quiser.<br />
Além disso, enquanto organiza seus próximos passos, convidamos você a pensar sobre como lida com o tempo e, o mais importante, como Deus espera que experimentemos cada estação da nossa vida.</p>
<p>Características:<br />
Planner não datado, ou seja, você pode começar a usar quando quiser;<br />
Organização feita por meses, com planejamento anual, mensal e semanal;<br />
Conta com rastreador de hábitos, plano de estudo mensal, espaço para escrever sua grade horária e muitas outras ferramentas de organização;<br />
Vem com bolso de papel para guardar coisas importantes e adesivos para decorar as páginas;<br />
Espaço para você anotar suas séries, filmes e livros preferidos;<br />
Interior completamente colorido;<br />
Contém uma aba livre ao final, para você usar como quiser!</p>

<p>Um planner que vai te ajudar a Florescer Você pode ser do tipo que ama organização, ou, quem sabe, do&hellip;</p>
