{"id":345600,"date":"2026-03-02T09:52:45","date_gmt":"2026-03-02T12:52:45","guid":{"rendered":"https:\/\/www.livrariarema.com.br\/loja\/produtos\/sem categoria\/album-do-bebe-cristao\/"},"modified":"2026-04-30T13:03:04","modified_gmt":"2026-04-30T16:03:04","slug":"album-do-bebe-cristao","status":"publish","type":"product","link":"https:\/\/www.livrariarema.com.br\/loja\/produtos\/livros\/infantil\/album-do-bebe-cristao\/","title":{"rendered":"\u00c1lbum Do Beb\u00ea Crist\u00e3o"},"content":{"rendered":"<p>Este beb\u00ea que acabou de nascer \u00e9 uma b\u00ean\u00e7\u00e3o de Deus e muitos momentos ser\u00e3o inesquec\u00edveis, pensando nisso foi desenvolvido este \u00e1lbum, que ser\u00e1 a s\u00edntese dos primeiros 5 anos de seu filho. Voc\u00eas, papai e mam\u00e3e, poder\u00e3o preench\u00ea-lo \u00e0 medida que ele for crescendo e atingindo novos est\u00e1gios, registrando todas as etapas de sua vida: a primeira palavrinha, o primeiro dentinho, sua apresenta\u00e7\u00e3o na igreja, e tornando eterno todos os momentos.<\/p>\n","protected":false},"excerpt":{"rendered":"<p>Este beb\u00ea que acabou de nascer \u00e9 uma b\u00ean\u00e7\u00e3o de Deus e muitos momentos ser\u00e3o inesquec\u00edveis, pensando nisso foi desenvolvido&hellip;<\/p>\n","protected":false},"featured_media":345599,"comment_status":"open","ping_status":"closed","template":"","meta":[],"product_cat":[144,134],"product_tag":[],"_links":{"self":[{"href":"https:\/\/www.livrariarema.com.br\/loja\/wp-json\/wp\/v2\/product\/345600"}],"collection":[{"href":"https:\/\/www.livrariarema.com.br\/loja\/wp-json\/wp\/v2\/product"}],"about":[{"href":"https:\/\/www.livrariarema.com.br\/loja\/wp-json\/wp\/v2\/types\/product"}],"replies":[{"embeddable":true,"href":"https:\/\/www.livrariarema.com.br\/loja\/wp-json\/wp\/v2\/comments?post=345600"}],"wp:featuredmedia":[{"embeddable":true,"href":"https:\/\/www.livrariarema.com.br\/loja\/wp-json\/wp\/v2\/media\/345599"}],"wp:attachment":[{"href":"https:\/\/www.livrariarema.com.br\/loja\/wp-json\/wp\/v2\/media?parent=345600"}],"wp:term":[{"taxonomy":"product_cat","embeddable":true,"href":"https:\/\/www.livrariarema.com.br\/loja\/wp-json\/wp\/v2\/product_cat?post=345600"},{"taxonomy":"product_tag","embeddable":true,"href":"https:\/\/www.livrariarema.com.br\/loja\/wp-json\/wp\/v2\/product_tag?post=345600"}],"curies":[{"name":"wp","href":"https:\/\/api.w.org\/{rel}","templated":true}]}}