{"id":345656,"date":"2026-03-02T10:36:03","date_gmt":"2026-03-02T13:36:03","guid":{"rendered":"https:\/\/www.livrariarema.com.br\/loja\/produtos\/sem%20categoria\/vida-de-martyn-lloyd-jones-a-1899-1981-iain-murray\/"},"modified":"2026-03-31T13:52:19","modified_gmt":"2026-03-31T16:52:19","slug":"vida-de-martyn-lloyd-jones-a-1899-1981-iain-murray","status":"publish","type":"product","link":"https:\/\/www.livrariarema.com.br\/loja\/produtos\/livros\/biografia\/vida-de-martyn-lloyd-jones-a-1899-1981-iain-murray\/","title":{"rendered":"Vida De Martyn Lloyd &#8211; Jones, A &#8211; 1899 &#8211; 1981 &#8211; Iain Murray"},"content":{"rendered":"<p>&#8220;Martyn Lloyd-Jones foi uma das d\u00e1divas especiais de Deus \u00e0 Igreja no s\u00e9culo XX, e, quanto mais o tempo passa, minha admira\u00e7\u00e3o por ele aumenta. N\u00e3o conhe\u00e7o ningu\u00e9m com uma vis\u00e3o espiritual mais profunda.&#8221; Mark Dever<\/p>\n","protected":false},"excerpt":{"rendered":"<p>&#8220;Martyn Lloyd-Jones foi uma das d\u00e1divas especiais de Deus \u00e0 Igreja no s\u00e9culo XX, e, quanto mais o tempo passa,&hellip;<\/p>\n","protected":false},"featured_media":345815,"comment_status":"open","ping_status":"closed","template":"","meta":[],"product_cat":[181,134],"product_tag":[],"_links":{"self":[{"href":"https:\/\/www.livrariarema.com.br\/loja\/wp-json\/wp\/v2\/product\/345656"}],"collection":[{"href":"https:\/\/www.livrariarema.com.br\/loja\/wp-json\/wp\/v2\/product"}],"about":[{"href":"https:\/\/www.livrariarema.com.br\/loja\/wp-json\/wp\/v2\/types\/product"}],"replies":[{"embeddable":true,"href":"https:\/\/www.livrariarema.com.br\/loja\/wp-json\/wp\/v2\/comments?post=345656"}],"wp:featuredmedia":[{"embeddable":true,"href":"https:\/\/www.livrariarema.com.br\/loja\/wp-json\/wp\/v2\/media\/345815"}],"wp:attachment":[{"href":"https:\/\/www.livrariarema.com.br\/loja\/wp-json\/wp\/v2\/media?parent=345656"}],"wp:term":[{"taxonomy":"product_cat","embeddable":true,"href":"https:\/\/www.livrariarema.com.br\/loja\/wp-json\/wp\/v2\/product_cat?post=345656"},{"taxonomy":"product_tag","embeddable":true,"href":"https:\/\/www.livrariarema.com.br\/loja\/wp-json\/wp\/v2\/product_tag?post=345656"}],"curies":[{"name":"wp","href":"https:\/\/api.w.org\/{rel}","templated":true}]}}