{"id":345658,"date":"2026-03-02T10:36:08","date_gmt":"2026-03-02T13:36:08","guid":{"rendered":"https:\/\/www.livrariarema.com.br\/loja\/produtos\/sem%20categoria\/jonathan-edwards-uma-nova-biografia-iain-hamish-murray\/"},"modified":"2026-03-14T10:21:12","modified_gmt":"2026-03-14T13:21:12","slug":"jonathan-edwards-uma-nova-biografia-iain-hamish-murray","status":"publish","type":"product","link":"https:\/\/www.livrariarema.com.br\/loja\/produtos\/livros\/biografia\/jonathan-edwards-uma-nova-biografia-iain-hamish-murray\/","title":{"rendered":"Jonathan Edwards: Uma Nova Biografia &#8211; Iain Hamish Murray"},"content":{"rendered":"<p>O prop\u00f3sito principal em publicar esta biografia \u00e9 encorajar mais a leitura do pr\u00f3prio Edwards. Como afirmou John Piper, a cosmovis\u00e3o de Jonathan Edwards \u00e9 de Deus exaltado sobre todas as coisas, &#8220;uma vis\u00e3o t\u00e3o rara hoje, mas t\u00e3o necess\u00e1ria&#8221;. Cremos que todas as verdades exemplificadas na vida de Edwards permanecem relevantes hoje. Acreditamos que a vida e os seus escritos s\u00e3o muito relevantes para o per\u00edodo atual da hist\u00f3ria da Igreja.<\/p>\n","protected":false},"excerpt":{"rendered":"<p>O prop\u00f3sito principal em publicar esta biografia \u00e9 encorajar mais a leitura do pr\u00f3prio Edwards. Como afirmou John Piper, a&hellip;<\/p>\n","protected":false},"featured_media":345816,"comment_status":"open","ping_status":"closed","template":"","meta":[],"product_cat":[181,134],"product_tag":[],"_links":{"self":[{"href":"https:\/\/www.livrariarema.com.br\/loja\/wp-json\/wp\/v2\/product\/345658"}],"collection":[{"href":"https:\/\/www.livrariarema.com.br\/loja\/wp-json\/wp\/v2\/product"}],"about":[{"href":"https:\/\/www.livrariarema.com.br\/loja\/wp-json\/wp\/v2\/types\/product"}],"replies":[{"embeddable":true,"href":"https:\/\/www.livrariarema.com.br\/loja\/wp-json\/wp\/v2\/comments?post=345658"}],"wp:featuredmedia":[{"embeddable":true,"href":"https:\/\/www.livrariarema.com.br\/loja\/wp-json\/wp\/v2\/media\/345816"}],"wp:attachment":[{"href":"https:\/\/www.livrariarema.com.br\/loja\/wp-json\/wp\/v2\/media?parent=345658"}],"wp:term":[{"taxonomy":"product_cat","embeddable":true,"href":"https:\/\/www.livrariarema.com.br\/loja\/wp-json\/wp\/v2\/product_cat?post=345658"},{"taxonomy":"product_tag","embeddable":true,"href":"https:\/\/www.livrariarema.com.br\/loja\/wp-json\/wp\/v2\/product_tag?post=345658"}],"curies":[{"name":"wp","href":"https:\/\/api.w.org\/{rel}","templated":true}]}}