{"id":345661,"date":"2026-03-02T10:36:21","date_gmt":"2026-03-02T13:36:21","guid":{"rendered":"https:\/\/www.livrariarema.com.br\/loja\/produtos\/sem%20categoria\/alegrem-se-mensagens-para-desafiar-a-mente-e-o-coracao-c-h-spurgeon\/"},"modified":"2026-03-20T16:42:56","modified_gmt":"2026-03-20T19:42:56","slug":"alegrem-se-mensagens-para-desafiar-a-mente-e-o-coracao-c-h-spurgeon","status":"publish","type":"product","link":"https:\/\/www.livrariarema.com.br\/loja\/produtos\/livros\/vida-crista\/alegrem-se-mensagens-para-desafiar-a-mente-e-o-coracao-c-h-spurgeon\/","title":{"rendered":"Alegrem-Se &#8211; Mensagens Para Desafiar A Mente E O Cora\u00e7\u00e3o &#8211; C. H. Spurgeon"},"content":{"rendered":"<p>&#8220;Acreditem, amados: nossa alegria finda onde se inicia o amor pelo mundo. Se n\u00f3s n\u00e3o tiv\u00e9ssemos \u00eddolos na terra &#8211; se n\u00e3o transform\u00e1ssemos em \u00eddolos nossos filhos, amigos, nossa prosperidade, nem a n\u00f3s mesmos &#8211; n\u00e3o ter\u00edamos a metade das prova\u00e7\u00f5es que temos. <br \/>\nAmores tolos armam varas para as costas dos tolos. Deus nos salva deles, e quando ele o faz, mesmo que os meios pare\u00e7am severos, eles t\u00eam a inten\u00e7\u00e3o de nos promover alegrias mediante a destrui\u00e7\u00e3o das fontes de nossas tristezas.&#8221;<\/p>\n","protected":false},"excerpt":{"rendered":"<p>&#8220;Acreditem, amados: nossa alegria finda onde se inicia o amor pelo mundo. Se n\u00f3s n\u00e3o tiv\u00e9ssemos \u00eddolos na terra &#8211;&hellip;<\/p>\n","protected":false},"featured_media":345818,"comment_status":"open","ping_status":"closed","template":"","meta":[],"product_cat":[134,137],"product_tag":[],"_links":{"self":[{"href":"https:\/\/www.livrariarema.com.br\/loja\/wp-json\/wp\/v2\/product\/345661"}],"collection":[{"href":"https:\/\/www.livrariarema.com.br\/loja\/wp-json\/wp\/v2\/product"}],"about":[{"href":"https:\/\/www.livrariarema.com.br\/loja\/wp-json\/wp\/v2\/types\/product"}],"replies":[{"embeddable":true,"href":"https:\/\/www.livrariarema.com.br\/loja\/wp-json\/wp\/v2\/comments?post=345661"}],"wp:featuredmedia":[{"embeddable":true,"href":"https:\/\/www.livrariarema.com.br\/loja\/wp-json\/wp\/v2\/media\/345818"}],"wp:attachment":[{"href":"https:\/\/www.livrariarema.com.br\/loja\/wp-json\/wp\/v2\/media?parent=345661"}],"wp:term":[{"taxonomy":"product_cat","embeddable":true,"href":"https:\/\/www.livrariarema.com.br\/loja\/wp-json\/wp\/v2\/product_cat?post=345661"},{"taxonomy":"product_tag","embeddable":true,"href":"https:\/\/www.livrariarema.com.br\/loja\/wp-json\/wp\/v2\/product_tag?post=345661"}],"curies":[{"name":"wp","href":"https:\/\/api.w.org\/{rel}","templated":true}]}}