{"id":345665,"date":"2026-03-02T10:36:36","date_gmt":"2026-03-02T13:36:36","guid":{"rendered":"https:\/\/www.livrariarema.com.br\/loja\/produtos\/sem categoria\/jesus-o-pregador-do-apocalipse-ciro-sanches-zibordi\/"},"modified":"2026-03-02T10:36:39","modified_gmt":"2026-03-02T13:36:39","slug":"jesus-o-pregador-do-apocalipse-ciro-sanches-zibordi","status":"publish","type":"product","link":"https:\/\/www.livrariarema.com.br\/loja\/produtos\/livros\/escatologia\/jesus-o-pregador-do-apocalipse-ciro-sanches-zibordi\/","title":{"rendered":"Jesus O Pregador Do Apocalipse &#8211; Ciro Sanches Zibordi"},"content":{"rendered":"<p>Neste s\u00e9timo e \u00faltimo livro da s\u00e9rie Pregadores da B\u00edblia, Zibordi inicia uma jornada de conhecimento com o leitor atrav\u00e9s dos Evangelhos e do \u00faltimo livro da B\u00edblia. Primeiramente, para mostrar por que Jesus \u00e9 o nosso supremo paradigma como mensageiro de Deus, o maior Pregador de todos os tempos. E, a partir do cap\u00edtulo 2, aborda a sua mensagem apocal\u00edptico-prof\u00e9tica.<\/p>\n","protected":false},"excerpt":{"rendered":"<p>Neste s\u00e9timo e \u00faltimo livro da s\u00e9rie Pregadores da B\u00edblia, Zibordi inicia uma jornada de conhecimento com o leitor atrav\u00e9s&hellip;<\/p>\n","protected":false},"featured_media":345664,"comment_status":"open","ping_status":"closed","template":"","meta":[],"product_cat":[208,134],"product_tag":[],"_links":{"self":[{"href":"https:\/\/www.livrariarema.com.br\/loja\/wp-json\/wp\/v2\/product\/345665"}],"collection":[{"href":"https:\/\/www.livrariarema.com.br\/loja\/wp-json\/wp\/v2\/product"}],"about":[{"href":"https:\/\/www.livrariarema.com.br\/loja\/wp-json\/wp\/v2\/types\/product"}],"replies":[{"embeddable":true,"href":"https:\/\/www.livrariarema.com.br\/loja\/wp-json\/wp\/v2\/comments?post=345665"}],"wp:featuredmedia":[{"embeddable":true,"href":"https:\/\/www.livrariarema.com.br\/loja\/wp-json\/wp\/v2\/media\/345664"}],"wp:attachment":[{"href":"https:\/\/www.livrariarema.com.br\/loja\/wp-json\/wp\/v2\/media?parent=345665"}],"wp:term":[{"taxonomy":"product_cat","embeddable":true,"href":"https:\/\/www.livrariarema.com.br\/loja\/wp-json\/wp\/v2\/product_cat?post=345665"},{"taxonomy":"product_tag","embeddable":true,"href":"https:\/\/www.livrariarema.com.br\/loja\/wp-json\/wp\/v2\/product_tag?post=345665"}],"curies":[{"name":"wp","href":"https:\/\/api.w.org\/{rel}","templated":true}]}}