{"id":345734,"date":"2026-03-04T11:25:03","date_gmt":"2026-03-04T14:25:03","guid":{"rendered":"https:\/\/www.livrariarema.com.br\/loja\/produtos\/sem categoria\/escandalo-do-reino-o-como-as-parabolas-de-jesus-revolucionam-a-vida-com-deus-dallas-willard\/"},"modified":"2026-03-04T11:25:06","modified_gmt":"2026-03-04T14:25:06","slug":"escandalo-do-reino-o-como-as-parabolas-de-jesus-revolucionam-a-vida-com-deus-dallas-willard","status":"publish","type":"product","link":"https:\/\/www.livrariarema.com.br\/loja\/produtos\/livros\/escatologia\/escandalo-do-reino-o-como-as-parabolas-de-jesus-revolucionam-a-vida-com-deus-dallas-willard\/","title":{"rendered":"Esc\u00e2ndalo Do Reino, O: Como As Par\u00e1bolas De Jesus Revolucionam A Vida Com Deus &#8211; Dallas Willard"},"content":{"rendered":"<p>AS PAR\u00c1BOLAS DE JESUS REVELAM O ESC\u00c2NDALO DO REINO DE DEUS<\/p>\n<p>Durante seu minist\u00e9rio na terra, Jesus frequentemente falava sobre Deus e seu reino por meio de par\u00e1bolas &#8211; hist\u00f3rias ambientadas no cotidiano dos ouvintes, mas carregadas de ensinamentos valiosos.<\/p>\n<p>Para aqueles de cora\u00e7\u00e3o endurecido, essas narrativas soavam escandalosas, pois o retrato que faziam do reino de Deus contrariava suas expectativas. As hist\u00f3rias que Jesus contava pareciam absurdas em sua gra\u00e7a, impressionantes em sua aceita\u00e7\u00e3o irrestrita e at\u00e9 ing\u00eanuas, j\u00e1 que o mundo simplesmente n\u00e3o funciona daquela maneira.<\/p>\n<p>Contudo, para aqueles que tiveram seus cora\u00e7\u00f5es transformados, as par\u00e1bolas se revelam como portas que escancaram o amor e a miseric\u00f3rdia de Deus diante da humanidade pecadora.<\/p>\n<p>Nesta obra, o prol\u00edfico autor e fil\u00f3sofo Dallas Willard examina as par\u00e1bolas de Jesus, conduzindo o leitor a perceb\u00ea-las n\u00e3o apenas como um m\u00e9todo pedag\u00f3gico, mas como um convite radical \u00e0 liberta\u00e7\u00e3o dos valores mundanos e \u00e0 viv\u00eancia de uma f\u00e9 genu\u00edna e transformadora.<\/p>\n<p>Este livro \u00e9 um verdadeiro farol de esperan\u00e7a para crist\u00e3os que desejam aprofundar sua f\u00e9 e viver de maneira aut\u00eantica, em conformidade com os ensinamentos de Cristo.<\/p>\n","protected":false},"excerpt":{"rendered":"<p>AS PAR\u00c1BOLAS DE JESUS REVELAM O ESC\u00c2NDALO DO REINO DE DEUS Durante seu minist\u00e9rio na terra, Jesus frequentemente falava sobre&hellip;<\/p>\n","protected":false},"featured_media":345733,"comment_status":"open","ping_status":"closed","template":"","meta":[],"product_cat":[208,134],"product_tag":[],"_links":{"self":[{"href":"https:\/\/www.livrariarema.com.br\/loja\/wp-json\/wp\/v2\/product\/345734"}],"collection":[{"href":"https:\/\/www.livrariarema.com.br\/loja\/wp-json\/wp\/v2\/product"}],"about":[{"href":"https:\/\/www.livrariarema.com.br\/loja\/wp-json\/wp\/v2\/types\/product"}],"replies":[{"embeddable":true,"href":"https:\/\/www.livrariarema.com.br\/loja\/wp-json\/wp\/v2\/comments?post=345734"}],"wp:featuredmedia":[{"embeddable":true,"href":"https:\/\/www.livrariarema.com.br\/loja\/wp-json\/wp\/v2\/media\/345733"}],"wp:attachment":[{"href":"https:\/\/www.livrariarema.com.br\/loja\/wp-json\/wp\/v2\/media?parent=345734"}],"wp:term":[{"taxonomy":"product_cat","embeddable":true,"href":"https:\/\/www.livrariarema.com.br\/loja\/wp-json\/wp\/v2\/product_cat?post=345734"},{"taxonomy":"product_tag","embeddable":true,"href":"https:\/\/www.livrariarema.com.br\/loja\/wp-json\/wp\/v2\/product_tag?post=345734"}],"curies":[{"name":"wp","href":"https:\/\/api.w.org\/{rel}","templated":true}]}}