{"id":345759,"date":"2026-03-04T12:26:44","date_gmt":"2026-03-04T15:26:44","guid":{"rendered":"https:\/\/www.livrariarema.com.br\/loja\/produtos\/sem categoria\/biblia-bilingue-nvi-niv-leitura-perfeita-couro-soft-bege\/"},"modified":"2026-03-04T12:26:47","modified_gmt":"2026-03-04T15:26:47","slug":"biblia-bilingue-nvi-niv-leitura-perfeita-couro-soft-bege","status":"publish","type":"product","link":"https:\/\/www.livrariarema.com.br\/loja\/produtos\/biblias\/outros-idiomas\/biblia-bilingue-nvi-niv-leitura-perfeita-couro-soft-bege\/","title":{"rendered":"B\u00edblia Bil\u00edngue &#8211; Nvi\/Niv &#8211; Leitura Perfeita &#8211; Couro Soft &#8211; Bege"},"content":{"rendered":"<p>A B\u00edblia Bil\u00edngue NVI\/NIV apresenta, lado a lado, o texto na \u00edntegra de duas tradu\u00e7\u00f5es: a Nova Vers\u00e3o Internacional, fiel e de f\u00e1cil leitura, e a New International Version, uma das vers\u00f5es mais vendidas do mundo. Diagramada em duas colunas, essa B\u00edblia permite ao leitor o contato simult\u00e2neo com o texto b\u00edblico em portugu\u00eas e em ingl\u00eas, enriquecendo seus estudos da Palavra sem comprometer o conforto na leitura. Ela \u00e9 ideal tanto para estudo pessoal como para facilitar a comunica\u00e7\u00e3o e interpreta\u00e7\u00e3o entre os dois idiomas.<\/p>\n","protected":false},"excerpt":{"rendered":"<p>A B\u00edblia Bil\u00edngue NVI\/NIV apresenta, lado a lado, o texto na \u00edntegra de duas tradu\u00e7\u00f5es: a Nova Vers\u00e3o Internacional, fiel&hellip;<\/p>\n","protected":false},"featured_media":345758,"comment_status":"open","ping_status":"closed","template":"","meta":[],"product_cat":[139,141],"product_tag":[],"_links":{"self":[{"href":"https:\/\/www.livrariarema.com.br\/loja\/wp-json\/wp\/v2\/product\/345759"}],"collection":[{"href":"https:\/\/www.livrariarema.com.br\/loja\/wp-json\/wp\/v2\/product"}],"about":[{"href":"https:\/\/www.livrariarema.com.br\/loja\/wp-json\/wp\/v2\/types\/product"}],"replies":[{"embeddable":true,"href":"https:\/\/www.livrariarema.com.br\/loja\/wp-json\/wp\/v2\/comments?post=345759"}],"wp:featuredmedia":[{"embeddable":true,"href":"https:\/\/www.livrariarema.com.br\/loja\/wp-json\/wp\/v2\/media\/345758"}],"wp:attachment":[{"href":"https:\/\/www.livrariarema.com.br\/loja\/wp-json\/wp\/v2\/media?parent=345759"}],"wp:term":[{"taxonomy":"product_cat","embeddable":true,"href":"https:\/\/www.livrariarema.com.br\/loja\/wp-json\/wp\/v2\/product_cat?post=345759"},{"taxonomy":"product_tag","embeddable":true,"href":"https:\/\/www.livrariarema.com.br\/loja\/wp-json\/wp\/v2\/product_tag?post=345759"}],"curies":[{"name":"wp","href":"https:\/\/api.w.org\/{rel}","templated":true}]}}