{"id":345881,"date":"2026-03-07T13:59:34","date_gmt":"2026-03-07T16:59:34","guid":{"rendered":"https:\/\/www.livrariarema.com.br\/loja\/produtos\/sem categoria\/biblia-naa-slim-bege\/"},"modified":"2026-04-08T13:37:20","modified_gmt":"2026-04-08T16:37:20","slug":"biblia-naa-slim-bege","status":"publish","type":"product","link":"https:\/\/www.livrariarema.com.br\/loja\/produtos\/biblias\/nova-almeida-atualizada\/biblia-naa-slim-bege\/","title":{"rendered":"B\u00edblia &#8211; Naa &#8211; Slim &#8211; Bege"},"content":{"rendered":"<p>Descubra a B\u00edblia que torna a leitura mais leve.<br \/>\nCom mapas mentais que trazem um panorama de cada livro, ela ajuda voc\u00ea a compreender os textos b\u00edblicos de forma simples e eficaz. As palavras de Jesus s\u00e3o destacadas para que voc\u00ea se atente especialmente aos ensinos do Mestre. Tudo nesta B\u00edblia foi pensado para enriquecer sua jornada espiritual.<\/p>\n<p>A B\u00edblia Sagrada Slim NAA inclui:<br \/>\n&#8211; Palavras de Jesus destacadas<br \/>\n&#8211; Mapas mentais em cada livro<\/p>\n","protected":false},"excerpt":{"rendered":"<p>Descubra a B\u00edblia que torna a leitura mais leve. Com mapas mentais que trazem um panorama de cada livro, ela&hellip;<\/p>\n","protected":false},"featured_media":345880,"comment_status":"open","ping_status":"closed","template":"","meta":[],"product_cat":[139,174],"product_tag":[],"_links":{"self":[{"href":"https:\/\/www.livrariarema.com.br\/loja\/wp-json\/wp\/v2\/product\/345881"}],"collection":[{"href":"https:\/\/www.livrariarema.com.br\/loja\/wp-json\/wp\/v2\/product"}],"about":[{"href":"https:\/\/www.livrariarema.com.br\/loja\/wp-json\/wp\/v2\/types\/product"}],"replies":[{"embeddable":true,"href":"https:\/\/www.livrariarema.com.br\/loja\/wp-json\/wp\/v2\/comments?post=345881"}],"wp:featuredmedia":[{"embeddable":true,"href":"https:\/\/www.livrariarema.com.br\/loja\/wp-json\/wp\/v2\/media\/345880"}],"wp:attachment":[{"href":"https:\/\/www.livrariarema.com.br\/loja\/wp-json\/wp\/v2\/media?parent=345881"}],"wp:term":[{"taxonomy":"product_cat","embeddable":true,"href":"https:\/\/www.livrariarema.com.br\/loja\/wp-json\/wp\/v2\/product_cat?post=345881"},{"taxonomy":"product_tag","embeddable":true,"href":"https:\/\/www.livrariarema.com.br\/loja\/wp-json\/wp\/v2\/product_tag?post=345881"}],"curies":[{"name":"wp","href":"https:\/\/api.w.org\/{rel}","templated":true}]}}