{"id":345955,"date":"2026-03-07T14:08:42","date_gmt":"2026-03-07T17:08:42","guid":{"rendered":"https:\/\/www.livrariarema.com.br\/loja\/produtos\/sem categoria\/caderneta-salmao-vimos-a-sua-estrela-e-o-adoraremos\/"},"modified":"2026-03-07T14:08:44","modified_gmt":"2026-03-07T17:08:44","slug":"caderneta-salmao-vimos-a-sua-estrela-e-o-adoraremos","status":"publish","type":"product","link":"https:\/\/www.livrariarema.com.br\/loja\/produtos\/papelaria-crista\/caderneta-papelaria-crista\/caderneta-salmao-vimos-a-sua-estrela-e-o-adoraremos\/","title":{"rendered":"Caderneta &#8211; Salm\u00e3o &#8211; Vimos A Sua Estrela E O Adoraremos"},"content":{"rendered":"<p>As Cadernetas Vida s\u00e3o mais do que um simples acess\u00f3rio, s\u00e3o uma ferramenta indispens\u00e1vel para transformar suas ideias e inspira\u00e7\u00f5es em realidade. Seja para anotar reflex\u00f5es durante o culto, registrar seus momentos de devocional ou organizar as tarefas do dia a dia, essas cadernetas unem praticidade e significado, proporcionando a voc\u00ea um espa\u00e7o especial para expressar sua criatividade e se manter organizado.<\/p>\n","protected":false},"excerpt":{"rendered":"<p>As Cadernetas Vida s\u00e3o mais do que um simples acess\u00f3rio, s\u00e3o uma ferramenta indispens\u00e1vel para transformar suas ideias e inspira\u00e7\u00f5es&hellip;<\/p>\n","protected":false},"featured_media":345954,"comment_status":"open","ping_status":"closed","template":"","meta":[],"product_cat":[335,322],"product_tag":[],"_links":{"self":[{"href":"https:\/\/www.livrariarema.com.br\/loja\/wp-json\/wp\/v2\/product\/345955"}],"collection":[{"href":"https:\/\/www.livrariarema.com.br\/loja\/wp-json\/wp\/v2\/product"}],"about":[{"href":"https:\/\/www.livrariarema.com.br\/loja\/wp-json\/wp\/v2\/types\/product"}],"replies":[{"embeddable":true,"href":"https:\/\/www.livrariarema.com.br\/loja\/wp-json\/wp\/v2\/comments?post=345955"}],"wp:featuredmedia":[{"embeddable":true,"href":"https:\/\/www.livrariarema.com.br\/loja\/wp-json\/wp\/v2\/media\/345954"}],"wp:attachment":[{"href":"https:\/\/www.livrariarema.com.br\/loja\/wp-json\/wp\/v2\/media?parent=345955"}],"wp:term":[{"taxonomy":"product_cat","embeddable":true,"href":"https:\/\/www.livrariarema.com.br\/loja\/wp-json\/wp\/v2\/product_cat?post=345955"},{"taxonomy":"product_tag","embeddable":true,"href":"https:\/\/www.livrariarema.com.br\/loja\/wp-json\/wp\/v2\/product_tag?post=345955"}],"curies":[{"name":"wp","href":"https:\/\/api.w.org\/{rel}","templated":true}]}}