{"id":345984,"date":"2026-03-12T18:10:34","date_gmt":"2026-03-12T21:10:34","guid":{"rendered":"https:\/\/www.livrariarema.com.br\/loja\/produtos\/sem%20categoria\/a-tempestade-que-parou\/"},"modified":"2026-04-08T17:07:12","modified_gmt":"2026-04-08T20:07:12","slug":"a-tempestade-que-parou","status":"publish","type":"product","link":"https:\/\/www.livrariarema.com.br\/loja\/produtos\/livros\/infantil\/a-tempestade-que-parou\/","title":{"rendered":"A Tempestade Que Parou"},"content":{"rendered":"<p>O livro &#8220;A tempestade que Parou: uma hist\u00f3ria verdadeira sobre quem Jesus realmente \u00e9&#8221; \u00e9 baseado no epis\u00f3dio em que Jesus acalma uma tempestade, narrado no cap\u00edtulo 4, do livro de Marcos. Com ilustra\u00e7\u00f5es cativantes e linguagem de f\u00e1cil compreens\u00e3o, ensina a crian\u00e7a pequena, de maneira emocionante, sobre quem \u00e9 verdadeiramente Jesus, o filho de Deus.<\/p>\n","protected":false},"excerpt":{"rendered":"<p>O livro &#8220;A tempestade que Parou: uma hist\u00f3ria verdadeira sobre quem Jesus realmente \u00e9&#8221; \u00e9 baseado no epis\u00f3dio em que&hellip;<\/p>\n","protected":false},"featured_media":345995,"comment_status":"open","ping_status":"closed","template":"","meta":[],"product_cat":[144,134],"product_tag":[],"_links":{"self":[{"href":"https:\/\/www.livrariarema.com.br\/loja\/wp-json\/wp\/v2\/product\/345984"}],"collection":[{"href":"https:\/\/www.livrariarema.com.br\/loja\/wp-json\/wp\/v2\/product"}],"about":[{"href":"https:\/\/www.livrariarema.com.br\/loja\/wp-json\/wp\/v2\/types\/product"}],"replies":[{"embeddable":true,"href":"https:\/\/www.livrariarema.com.br\/loja\/wp-json\/wp\/v2\/comments?post=345984"}],"wp:featuredmedia":[{"embeddable":true,"href":"https:\/\/www.livrariarema.com.br\/loja\/wp-json\/wp\/v2\/media\/345995"}],"wp:attachment":[{"href":"https:\/\/www.livrariarema.com.br\/loja\/wp-json\/wp\/v2\/media?parent=345984"}],"wp:term":[{"taxonomy":"product_cat","embeddable":true,"href":"https:\/\/www.livrariarema.com.br\/loja\/wp-json\/wp\/v2\/product_cat?post=345984"},{"taxonomy":"product_tag","embeddable":true,"href":"https:\/\/www.livrariarema.com.br\/loja\/wp-json\/wp\/v2\/product_tag?post=345984"}],"curies":[{"name":"wp","href":"https:\/\/api.w.org\/{rel}","templated":true}]}}