{"id":346690,"date":"2026-03-24T12:05:18","date_gmt":"2026-03-24T15:05:18","guid":{"rendered":"https:\/\/www.livrariarema.com.br\/loja\/produtos\/sem categoria\/historias-emocionantes-bino-o-urso-malcheiroso-mark-chambers\/"},"modified":"2026-03-24T12:05:23","modified_gmt":"2026-03-24T15:05:23","slug":"historias-emocionantes-bino-o-urso-malcheiroso-mark-chambers","status":"publish","type":"product","link":"https:\/\/www.livrariarema.com.br\/loja\/produtos\/livros\/infantil\/historias-emocionantes-bino-o-urso-malcheiroso-mark-chambers\/","title":{"rendered":"Hist\u00f3rias Emocionantes &#8211; Bino, O Urso Malcheiroso &#8211; Mark Chambers"},"content":{"rendered":"<p>Bino \u00e9 um urso muito sujinho, mas ele n\u00e3o se importa nem um pouquinho! Como os animais far\u00e3o para deixar Bino bem limpinho? \u00c9 hora de bolar um plano para se livrar dessa sujeira de uma vez por todas!<\/p>\n","protected":false},"excerpt":{"rendered":"<p>Bino \u00e9 um urso muito sujinho, mas ele n\u00e3o se importa nem um pouquinho! Como os animais far\u00e3o para deixar&hellip;<\/p>\n","protected":false},"featured_media":346689,"comment_status":"open","ping_status":"closed","template":"","meta":[],"product_cat":[144,134],"product_tag":[],"_links":{"self":[{"href":"https:\/\/www.livrariarema.com.br\/loja\/wp-json\/wp\/v2\/product\/346690"}],"collection":[{"href":"https:\/\/www.livrariarema.com.br\/loja\/wp-json\/wp\/v2\/product"}],"about":[{"href":"https:\/\/www.livrariarema.com.br\/loja\/wp-json\/wp\/v2\/types\/product"}],"replies":[{"embeddable":true,"href":"https:\/\/www.livrariarema.com.br\/loja\/wp-json\/wp\/v2\/comments?post=346690"}],"wp:featuredmedia":[{"embeddable":true,"href":"https:\/\/www.livrariarema.com.br\/loja\/wp-json\/wp\/v2\/media\/346689"}],"wp:attachment":[{"href":"https:\/\/www.livrariarema.com.br\/loja\/wp-json\/wp\/v2\/media?parent=346690"}],"wp:term":[{"taxonomy":"product_cat","embeddable":true,"href":"https:\/\/www.livrariarema.com.br\/loja\/wp-json\/wp\/v2\/product_cat?post=346690"},{"taxonomy":"product_tag","embeddable":true,"href":"https:\/\/www.livrariarema.com.br\/loja\/wp-json\/wp\/v2\/product_tag?post=346690"}],"curies":[{"name":"wp","href":"https:\/\/api.w.org\/{rel}","templated":true}]}}