{"id":346835,"date":"2026-04-06T12:12:04","date_gmt":"2026-04-06T15:12:04","guid":{"rendered":"https:\/\/www.livrariarema.com.br\/loja\/produtos\/sem categoria\/bloco-de-notas-rema-7x10cm-ester-o-senhor-te-abencoe\/"},"modified":"2026-04-28T11:40:30","modified_gmt":"2026-04-28T14:40:30","slug":"bloco-de-notas-rema-7x10cm-ester-o-senhor-te-abencoe","status":"publish","type":"product","link":"https:\/\/www.livrariarema.com.br\/loja\/produtos\/papelaria-crista\/bloco-papelaria-crista\/bloco-de-notas-rema-7x10cm-ester-o-senhor-te-abencoe\/","title":{"rendered":"Bloco De Notas &#8211; Rema &#8211; 7X10cm &#8211; Ester &#8211; O Senhor Te Aben\u00e7oe"},"content":{"rendered":"<p>A Cole\u00e7\u00e3o Ester, foi pensada para transformar sua rotina em um momento de paz e conex\u00e3o com Deus. Cada produto foi pensado com cuidado para tornar seu dia mais leve, produtivo e cheio de significado.<\/p>\n<p>Mais do que itens de papelaria, s\u00e3o ferramentas para te ajudar a acalmar<br \/>\na alma, ouvir a voz de Deus e viver com inten\u00e7\u00e3o.<\/p>\n","protected":false},"excerpt":{"rendered":"<p>Brochura, sem pauta, com vers\u00edculo no rodap\u00e9 de cada folha, aprox. 50fls.<\/p>\n","protected":false},"featured_media":346834,"comment_status":"open","ping_status":"closed","template":"","meta":[],"product_cat":[325,322],"product_tag":[],"_links":{"self":[{"href":"https:\/\/www.livrariarema.com.br\/loja\/wp-json\/wp\/v2\/product\/346835"}],"collection":[{"href":"https:\/\/www.livrariarema.com.br\/loja\/wp-json\/wp\/v2\/product"}],"about":[{"href":"https:\/\/www.livrariarema.com.br\/loja\/wp-json\/wp\/v2\/types\/product"}],"replies":[{"embeddable":true,"href":"https:\/\/www.livrariarema.com.br\/loja\/wp-json\/wp\/v2\/comments?post=346835"}],"wp:featuredmedia":[{"embeddable":true,"href":"https:\/\/www.livrariarema.com.br\/loja\/wp-json\/wp\/v2\/media\/346834"}],"wp:attachment":[{"href":"https:\/\/www.livrariarema.com.br\/loja\/wp-json\/wp\/v2\/media?parent=346835"}],"wp:term":[{"taxonomy":"product_cat","embeddable":true,"href":"https:\/\/www.livrariarema.com.br\/loja\/wp-json\/wp\/v2\/product_cat?post=346835"},{"taxonomy":"product_tag","embeddable":true,"href":"https:\/\/www.livrariarema.com.br\/loja\/wp-json\/wp\/v2\/product_tag?post=346835"}],"curies":[{"name":"wp","href":"https:\/\/api.w.org\/{rel}","templated":true}]}}