{"id":346843,"date":"2026-04-06T12:12:27","date_gmt":"2026-04-06T15:12:27","guid":{"rendered":"https:\/\/www.livrariarema.com.br\/loja\/produtos\/sem categoria\/bloco-meu-dia-rema-145x21cm-rute\/"},"modified":"2026-04-22T17:50:41","modified_gmt":"2026-04-22T20:50:41","slug":"bloco-meu-dia-rema-145x21cm-rute","status":"publish","type":"product","link":"https:\/\/www.livrariarema.com.br\/loja\/produtos\/papelaria-crista\/bloco-papelaria-crista\/bloco-meu-dia-rema-145x21cm-rute\/","title":{"rendered":"Bloco Meu Dia &#8211; Rema &#8211; 14,5X21cm &#8211; Rute"},"content":{"rendered":"<p>O bloco Meu Dia da Cole\u00e7\u00e3o Rute, foi cuidadosamente desenhado para auxiliar no planejamento e organiza\u00e7\u00e3o do seu dia, com um design de muita beleza e delicadeza. <br \/>\nCada produto da cole\u00e7\u00e3o Rute foi pensado detalhadamente para tornar seu dia mais leve, produtivo e cheio de significado.<\/p>\n<p>Mais do que itens de papelaria, s\u00e3o ferramentas para te ajudar a acalmar<br \/>\na alma, ouvir a voz de Deus e viver com inten\u00e7\u00e3o.<\/p>\n","protected":false},"excerpt":{"rendered":"<p>Brochura, aprox. 50fls.<\/p>\n","protected":false},"featured_media":346842,"comment_status":"open","ping_status":"closed","template":"","meta":[],"product_cat":[325,322],"product_tag":[],"_links":{"self":[{"href":"https:\/\/www.livrariarema.com.br\/loja\/wp-json\/wp\/v2\/product\/346843"}],"collection":[{"href":"https:\/\/www.livrariarema.com.br\/loja\/wp-json\/wp\/v2\/product"}],"about":[{"href":"https:\/\/www.livrariarema.com.br\/loja\/wp-json\/wp\/v2\/types\/product"}],"replies":[{"embeddable":true,"href":"https:\/\/www.livrariarema.com.br\/loja\/wp-json\/wp\/v2\/comments?post=346843"}],"wp:featuredmedia":[{"embeddable":true,"href":"https:\/\/www.livrariarema.com.br\/loja\/wp-json\/wp\/v2\/media\/346842"}],"wp:attachment":[{"href":"https:\/\/www.livrariarema.com.br\/loja\/wp-json\/wp\/v2\/media?parent=346843"}],"wp:term":[{"taxonomy":"product_cat","embeddable":true,"href":"https:\/\/www.livrariarema.com.br\/loja\/wp-json\/wp\/v2\/product_cat?post=346843"},{"taxonomy":"product_tag","embeddable":true,"href":"https:\/\/www.livrariarema.com.br\/loja\/wp-json\/wp\/v2\/product_tag?post=346843"}],"curies":[{"name":"wp","href":"https:\/\/api.w.org\/{rel}","templated":true}]}}