{"id":346847,"date":"2026-04-06T12:12:39","date_gmt":"2026-04-06T15:12:39","guid":{"rendered":"https:\/\/www.livrariarema.com.br\/loja\/produtos\/sem categoria\/bloco-notas-rema-145x145cm-rute-pois-pela-graca\/"},"modified":"2026-04-30T13:23:03","modified_gmt":"2026-04-30T16:23:03","slug":"bloco-notas-rema-145x145cm-rute-pois-pela-graca","status":"publish","type":"product","link":"https:\/\/www.livrariarema.com.br\/loja\/produtos\/papelaria-crista\/bloco-papelaria-crista\/bloco-notas-rema-145x145cm-rute-pois-pela-graca\/","title":{"rendered":"Bloco Notas &#8211; Rema &#8211; 14,5X14,5Cm &#8211; Rute &#8211; Pois Pela Gra\u00e7a"},"content":{"rendered":"<p>Cada produto da cole\u00e7\u00e3o Rute foi pensado detalhadamente para tornar seu dia mais leve, produtivo e cheio de significado.<\/p>\n<p>Mais do que itens de papelaria, s\u00e3o ferramentas para te ajudar a acalmar<br \/>\na alma, ouvir a voz de Deus e viver com inten\u00e7\u00e3o.<\/p>\n","protected":false},"excerpt":{"rendered":"<p>Brochura, aprox. 50fls.<\/p>\n","protected":false},"featured_media":346846,"comment_status":"open","ping_status":"closed","template":"","meta":[],"product_cat":[325,322],"product_tag":[],"_links":{"self":[{"href":"https:\/\/www.livrariarema.com.br\/loja\/wp-json\/wp\/v2\/product\/346847"}],"collection":[{"href":"https:\/\/www.livrariarema.com.br\/loja\/wp-json\/wp\/v2\/product"}],"about":[{"href":"https:\/\/www.livrariarema.com.br\/loja\/wp-json\/wp\/v2\/types\/product"}],"replies":[{"embeddable":true,"href":"https:\/\/www.livrariarema.com.br\/loja\/wp-json\/wp\/v2\/comments?post=346847"}],"wp:featuredmedia":[{"embeddable":true,"href":"https:\/\/www.livrariarema.com.br\/loja\/wp-json\/wp\/v2\/media\/346846"}],"wp:attachment":[{"href":"https:\/\/www.livrariarema.com.br\/loja\/wp-json\/wp\/v2\/media?parent=346847"}],"wp:term":[{"taxonomy":"product_cat","embeddable":true,"href":"https:\/\/www.livrariarema.com.br\/loja\/wp-json\/wp\/v2\/product_cat?post=346847"},{"taxonomy":"product_tag","embeddable":true,"href":"https:\/\/www.livrariarema.com.br\/loja\/wp-json\/wp\/v2\/product_tag?post=346847"}],"curies":[{"name":"wp","href":"https:\/\/api.w.org\/{rel}","templated":true}]}}