{"id":347106,"date":"2026-04-24T10:34:04","date_gmt":"2026-04-24T13:34:04","guid":{"rendered":"https:\/\/www.livrariarema.com.br\/loja\/produtos\/sem%20categoria\/c-h-o-i-c-e-richarde-guerra-e-marcos-oliveira\/"},"modified":"2026-04-30T11:21:55","modified_gmt":"2026-04-30T14:21:55","slug":"c-h-o-i-c-e-richarde-guerra-e-marcos-oliveira","status":"publish","type":"product","link":"https:\/\/www.livrariarema.com.br\/loja\/produtos\/livros\/juvenil\/c-h-o-i-c-e-richarde-guerra-e-marcos-oliveira\/","title":{"rendered":"C.H.O.I.C.E. &#8211; Richarde Guerra E Marcos Oliveira"},"content":{"rendered":"<p>Voc\u00ea est\u00e1 pronto para decidir o destino dessa hist\u00f3ria? Em C.H.O.I.C.E, cada decis\u00e3o conta!<\/p>\n<p>Num futuro n\u00e3o t\u00e3o distante, a humanidade confia cegamente em um aplicativo de intelig\u00eancia artificial capaz de indicar o melhor caminho para qualquer decis\u00e3o &#8211; do caf\u00e9 da manh\u00e3 at\u00e9 alian\u00e7as de poder. Nos bastidores, trabalham pessoas como Josu\u00e9, respons\u00e1veis por analisar cen\u00e1rios e apontar a &#8220;escolha certa&#8221; para cada usu\u00e1rio.<\/p>\n<p>Mas tudo muda quando ele recebe um bilhete misterioso de um cla rebelde que quer derrubar o sistema. Agora, n\u00e3o s\u00e3o apenas os usu\u00e1rios que precisam escolher: ele mesmo ter\u00e1 de decidir em quem confiar e qual caminho seguir. Lutar ou fugir? Ajudar ou desistir?<\/p>\n<p>Nesta inovadora hist\u00f3ria em quadrinhos, voc\u00ea \u00e9 quem decide o rumo da narrativa. As p\u00e1ginas n\u00e3o seguem uma ordem linear: cada escolha abre novas possibilidades para a trama, exp\u00f5e riscos inesperados e revela finais surpreendentes, desafiando voc\u00ea a pensar sobre at\u00e9 onde cada escolha pode te levar.<\/p>\n<p>&#8220;Nesta HQ interativa e impactante, o dilema n\u00e3o \u00e9 apenas tecnol\u00f3gico, mas profundamente humano. Uma narrativa que une cr\u00edtica cultural, tens\u00e3o moral e o eco de um chamado antigo: pensar, escolher e agir com sabedoria &#8211; porque a verdadeira sabedoria n\u00e3o vem dos algoritmos, mas do Deus que ensina o cora\u00e7\u00e3o a discernir o bem e o mal.&#8221; &#8211; Rodrigo Bibo, autor best-seller de O Deus que destr\u00f3i sonhos<\/p>\n","protected":false},"excerpt":{"rendered":"<p>Voc\u00ea est\u00e1 pronto para decidir o destino dessa hist\u00f3ria? Em C.H.O.I.C.E, cada decis\u00e3o conta! Num futuro n\u00e3o t\u00e3o distante, a&hellip;<\/p>\n","protected":false},"featured_media":347752,"comment_status":"open","ping_status":"closed","template":"","meta":[],"product_cat":[184,134],"product_tag":[],"_links":{"self":[{"href":"https:\/\/www.livrariarema.com.br\/loja\/wp-json\/wp\/v2\/product\/347106"}],"collection":[{"href":"https:\/\/www.livrariarema.com.br\/loja\/wp-json\/wp\/v2\/product"}],"about":[{"href":"https:\/\/www.livrariarema.com.br\/loja\/wp-json\/wp\/v2\/types\/product"}],"replies":[{"embeddable":true,"href":"https:\/\/www.livrariarema.com.br\/loja\/wp-json\/wp\/v2\/comments?post=347106"}],"wp:featuredmedia":[{"embeddable":true,"href":"https:\/\/www.livrariarema.com.br\/loja\/wp-json\/wp\/v2\/media\/347752"}],"wp:attachment":[{"href":"https:\/\/www.livrariarema.com.br\/loja\/wp-json\/wp\/v2\/media?parent=347106"}],"wp:term":[{"taxonomy":"product_cat","embeddable":true,"href":"https:\/\/www.livrariarema.com.br\/loja\/wp-json\/wp\/v2\/product_cat?post=347106"},{"taxonomy":"product_tag","embeddable":true,"href":"https:\/\/www.livrariarema.com.br\/loja\/wp-json\/wp\/v2\/product_tag?post=347106"}],"curies":[{"name":"wp","href":"https:\/\/api.w.org\/{rel}","templated":true}]}}