{"id":347199,"date":"2026-04-27T13:51:12","date_gmt":"2026-04-27T16:51:12","guid":{"rendered":"https:\/\/www.livrariarema.com.br\/loja\/produtos\/sem categoria\/batismo-com-fogo-hernandes-dias-lopes\/"},"modified":"2026-04-27T13:51:15","modified_gmt":"2026-04-27T16:51:15","slug":"batismo-com-fogo-hernandes-dias-lopes","status":"publish","type":"product","link":"https:\/\/www.livrariarema.com.br\/loja\/produtos\/livros\/espirito-santo\/batismo-com-fogo-hernandes-dias-lopes\/","title":{"rendered":"Batismo Com Fogo &#8211; Hernandes Dias Lopes"},"content":{"rendered":"<p>Avivamento cria temor em muitos crentes, mas n\u00e3o no Pr. Hernandes Dias Lopes. Os extremismos que caracterizam alguns derramamentos do Esp\u00edrito n\u00e3o devem criar o desejo de apagarmos essa chama.<\/p>\n<p>O segredo do avivamento desvenda-se na ora\u00e7\u00e3o, confiss\u00e3o e sede por Deus. Seguramente este livro jogar\u00e1 mais lenha na fogueira. O resultado ser\u00e1 este: pecadores atra\u00eddos e crentes revestidos com poder para servir, testemunhar e transformar a sociedade ao redor.<\/p>\n<p>Recomendamos a leitura deste livro, porque ele nos incentiva a buscar de Deus o que n\u00e3o podemos criar nem fazer por n\u00f3s mesmos.<\/p>\n<p>Leia e medite seriamente nesta mensagem. O roteiro b\u00edblico para o batismo com fogo est\u00e1 claro. Experimente segui-lo. Comece imediatamente. \u00c9 poss\u00edvel que seja atrav\u00e9s de voc\u00ea que o fogo v\u00e1 \u00e0 sua casa ou \u00e0 sua igreja.<\/p>\n<p>Que seja tudo para a gl\u00f3ria do Senhor!<\/p>\n","protected":false},"excerpt":{"rendered":"<p>Avivamento cria temor em muitos crentes, mas n\u00e3o no Pr. Hernandes Dias Lopes. Os extremismos que caracterizam alguns derramamentos do&hellip;<\/p>\n","protected":false},"featured_media":347198,"comment_status":"open","ping_status":"closed","template":"","meta":[],"product_cat":[199,134],"product_tag":[],"_links":{"self":[{"href":"https:\/\/www.livrariarema.com.br\/loja\/wp-json\/wp\/v2\/product\/347199"}],"collection":[{"href":"https:\/\/www.livrariarema.com.br\/loja\/wp-json\/wp\/v2\/product"}],"about":[{"href":"https:\/\/www.livrariarema.com.br\/loja\/wp-json\/wp\/v2\/types\/product"}],"replies":[{"embeddable":true,"href":"https:\/\/www.livrariarema.com.br\/loja\/wp-json\/wp\/v2\/comments?post=347199"}],"wp:featuredmedia":[{"embeddable":true,"href":"https:\/\/www.livrariarema.com.br\/loja\/wp-json\/wp\/v2\/media\/347198"}],"wp:attachment":[{"href":"https:\/\/www.livrariarema.com.br\/loja\/wp-json\/wp\/v2\/media?parent=347199"}],"wp:term":[{"taxonomy":"product_cat","embeddable":true,"href":"https:\/\/www.livrariarema.com.br\/loja\/wp-json\/wp\/v2\/product_cat?post=347199"},{"taxonomy":"product_tag","embeddable":true,"href":"https:\/\/www.livrariarema.com.br\/loja\/wp-json\/wp\/v2\/product_tag?post=347199"}],"curies":[{"name":"wp","href":"https:\/\/api.w.org\/{rel}","templated":true}]}}