{"id":347201,"date":"2026-04-27T13:51:18","date_gmt":"2026-04-27T16:51:18","guid":{"rendered":"https:\/\/www.livrariarema.com.br\/loja\/produtos\/sem categoria\/a-procura-de-deus-a-w-tozer-capa-dura\/"},"modified":"2026-04-29T09:00:20","modified_gmt":"2026-04-29T12:00:20","slug":"a-procura-de-deus-a-w-tozer-capa-dura","status":"publish","type":"product","link":"https:\/\/www.livrariarema.com.br\/loja\/produtos\/livros\/crescimento-espiritual\/a-procura-de-deus-a-w-tozer-capa-dura\/","title":{"rendered":"\u00c0 Procura De Deus &#8211; A. W. Tozer (Capa Dura)"},"content":{"rendered":"<p>Em toda a B\u00edblia, encontramos relatos de homens e mulheres que dedicaram a vida a conhecer mais e mais a respeito do Deus insond\u00e1vel. Mois\u00e9s conhecia os caminhos do Senhor e buscava sua presen\u00e7a constantemente, enquanto o povo de Deus conhecia apenas os seus feitos. E o objetivo principal do ap\u00f3stolo Paulo era este: conhecer a Cristo!<br \/>\nHoje em dia nos preocupamos mais em servir a Deus, em fazer coisas para Ele, do que em conhec\u00ea-lo intimamente. \u00c9 certo que desejamos sentir sua presen\u00e7a em nosso meio, mas, para qu\u00ea? <br \/>\nPara alcan\u00e7armos nosso objetivos ou os dele?<br \/>\n\u00c0 Procura de Deus foi escrito por A. W. Tozer, autor de in\u00fameras obras, que se destaca pela sensibilidade com que escreve a respeito das realidades espirituais e de como podemos nos relacionar intimamente com o nosso Criador.<br \/>\nVoc\u00ea ser\u00e1 grandemente aben\u00e7oado com a leitura deste livro e com certeza poder\u00e1 conhecer um pouco mais da profundidade da pessoa de Deus, da sua gra\u00e7a e amor.<\/p>\n","protected":false},"excerpt":{"rendered":"<p>Em toda a B\u00edblia, encontramos relatos de homens e mulheres que dedicaram a vida a conhecer mais e mais a&hellip;<\/p>\n","protected":false},"featured_media":347453,"comment_status":"open","ping_status":"closed","template":"","meta":[],"product_cat":[147,134],"product_tag":[],"_links":{"self":[{"href":"https:\/\/www.livrariarema.com.br\/loja\/wp-json\/wp\/v2\/product\/347201"}],"collection":[{"href":"https:\/\/www.livrariarema.com.br\/loja\/wp-json\/wp\/v2\/product"}],"about":[{"href":"https:\/\/www.livrariarema.com.br\/loja\/wp-json\/wp\/v2\/types\/product"}],"replies":[{"embeddable":true,"href":"https:\/\/www.livrariarema.com.br\/loja\/wp-json\/wp\/v2\/comments?post=347201"}],"wp:featuredmedia":[{"embeddable":true,"href":"https:\/\/www.livrariarema.com.br\/loja\/wp-json\/wp\/v2\/media\/347453"}],"wp:attachment":[{"href":"https:\/\/www.livrariarema.com.br\/loja\/wp-json\/wp\/v2\/media?parent=347201"}],"wp:term":[{"taxonomy":"product_cat","embeddable":true,"href":"https:\/\/www.livrariarema.com.br\/loja\/wp-json\/wp\/v2\/product_cat?post=347201"},{"taxonomy":"product_tag","embeddable":true,"href":"https:\/\/www.livrariarema.com.br\/loja\/wp-json\/wp\/v2\/product_tag?post=347201"}],"curies":[{"name":"wp","href":"https:\/\/api.w.org\/{rel}","templated":true}]}}