{"id":347238,"date":"2026-04-27T13:58:49","date_gmt":"2026-04-27T16:58:49","guid":{"rendered":"https:\/\/www.livrariarema.com.br\/loja\/produtos\/sem categoria\/conde-que-eu-sequestrei-o-cinthia-serejo\/"},"modified":"2026-04-30T11:19:41","modified_gmt":"2026-04-30T14:19:41","slug":"conde-que-eu-sequestrei-o-cinthia-serejo","status":"publish","type":"product","link":"https:\/\/www.livrariarema.com.br\/loja\/produtos\/livros\/romance\/conde-que-eu-sequestrei-o-cinthia-serejo\/","title":{"rendered":"Conde Que Eu Sequestrei, O &#8211; Cinthia Serejo"},"content":{"rendered":"<p>No Rio de Janeiro de 1859, Cec\u00edlia Maria de Azevedo est\u00e1 longe de corresponder ao ideal de jovem obediente. Inteligente, ir\u00f4nica e fascinada pela ci\u00eancia especialmente pelo poder curativo das plantas -, ela foi criada entre livros, herb\u00e1rios e as li\u00e7\u00f5es do tio Basil, um respeitado bot\u00e2nico defensor da medicina natural.<\/p>\n<p>Quando Cec\u00edlia descobre que o tio pode estar em perigo, suas suspeitas recaem sobre o Conde de Vila Rosa. Defensor ferrenho da medicina europeia e c\u00e9tico em rela\u00e7\u00e3o ao saber local, o conde representa tudo aquilo que Cec\u00edlia questiona. Convencida de que o tempo joga contra eles, Cec\u00edlia decide: sequestrar o conde. Literalmente. Dentro de um ba\u00fa.<\/p>\n<p>O que come\u00e7a como um plano desesperado para arrancar respostas transforma-se em uma jornada ca\u00f3tica rumo a Petr\u00f3polis, envolvendo viagens de trem, cartas comprometedoras, confus\u00f5es e fugas. For\u00e7ados a conviver, Cec\u00edlia e o conde se veem presos n\u00e3o apenas a um destino comum, mas a um confronto direto entre tradi\u00e7\u00e3o e progresso. Entre debates cient\u00edficos e descobertas que nenhum tratado ousou registrar, ambos aprender\u00e3o que nem toda rea\u00e7\u00e3o pode ser controlada &#8211; sobretudo aquelas que envolvem o cora\u00e7\u00e3o.<\/p>\n","protected":false},"excerpt":{"rendered":"<p>No Rio de Janeiro de 1859, Cec\u00edlia Maria de Azevedo est\u00e1 longe de corresponder ao ideal de jovem obediente. Inteligente,&hellip;<\/p>\n","protected":false},"featured_media":347768,"comment_status":"open","ping_status":"closed","template":"","meta":[],"product_cat":[134,182],"product_tag":[],"_links":{"self":[{"href":"https:\/\/www.livrariarema.com.br\/loja\/wp-json\/wp\/v2\/product\/347238"}],"collection":[{"href":"https:\/\/www.livrariarema.com.br\/loja\/wp-json\/wp\/v2\/product"}],"about":[{"href":"https:\/\/www.livrariarema.com.br\/loja\/wp-json\/wp\/v2\/types\/product"}],"replies":[{"embeddable":true,"href":"https:\/\/www.livrariarema.com.br\/loja\/wp-json\/wp\/v2\/comments?post=347238"}],"wp:featuredmedia":[{"embeddable":true,"href":"https:\/\/www.livrariarema.com.br\/loja\/wp-json\/wp\/v2\/media\/347768"}],"wp:attachment":[{"href":"https:\/\/www.livrariarema.com.br\/loja\/wp-json\/wp\/v2\/media?parent=347238"}],"wp:term":[{"taxonomy":"product_cat","embeddable":true,"href":"https:\/\/www.livrariarema.com.br\/loja\/wp-json\/wp\/v2\/product_cat?post=347238"},{"taxonomy":"product_tag","embeddable":true,"href":"https:\/\/www.livrariarema.com.br\/loja\/wp-json\/wp\/v2\/product_tag?post=347238"}],"curies":[{"name":"wp","href":"https:\/\/api.w.org\/{rel}","templated":true}]}}