{"id":347439,"date":"2026-04-28T09:53:19","date_gmt":"2026-04-28T12:53:19","guid":{"rendered":"https:\/\/www.livrariarema.com.br\/loja\/produtos\/sem categoria\/biblia-com-harpa-letra-jumbo-capa-pu-luxo-jardim-pink-x\/"},"modified":"2026-04-28T10:00:26","modified_gmt":"2026-04-28T13:00:26","slug":"biblia-com-harpa-letra-jumbo-capa-pu-luxo-jardim-pink-x","status":"publish","type":"product","link":"https:\/\/www.livrariarema.com.br\/loja\/produtos\/biblias\/revista-corrigida-com-harpa\/biblia-com-harpa-letra-jumbo-capa-pu-luxo-jardim-pink-x\/","title":{"rendered":"B\u00edblia Com Harpa &#8211; Letra Jumbo &#8211; Capa Pu Luxo &#8211; Jardim Pink X"},"content":{"rendered":"<p>B\u00edblia Sagrada, com a linguagem na vers\u00e3o ARC (Almeida Revista e Corrigida) de Jo\u00e3o Ferreira de Almeida. Sendo a vers\u00e3o mais utilizada pelos evang\u00e9licos do Brasil. Com sua fidelidade traduzida dos textos originais pelo mission\u00e1rio portugu\u00eas Jo\u00e3o Ferreira de Almeida. Al\u00e9m disso, conta com tecnologia full color: Promessas em destaque, palavras de Deus em azul e palavras de Jesus em vermelho. A B\u00edblia tamb\u00e9m inclui mapas coloridos, que enriquecem o entendimento geogr\u00e1fico e hist\u00f3rico dos acontecimentos b\u00edblicos.<\/p>\n<p>&#8211; Full Color<br \/>\n&#8211; Mapas Coloridos<br \/>\n&#8211; Promessas em destaque<br \/>\n&#8211; Palavra de Deus em Azul e Palavra de Jesus em vermelho<\/p>\n","protected":false},"excerpt":{"rendered":"<p>B\u00edblia Sagrada, com a linguagem na vers\u00e3o ARC (Almeida Revista e Corrigida) de Jo\u00e3o Ferreira de Almeida. Sendo a vers\u00e3o&hellip;<\/p>\n","protected":false},"featured_media":0,"comment_status":"open","ping_status":"closed","template":"","meta":[],"product_cat":[139,151],"product_tag":[],"_links":{"self":[{"href":"https:\/\/www.livrariarema.com.br\/loja\/wp-json\/wp\/v2\/product\/347439"}],"collection":[{"href":"https:\/\/www.livrariarema.com.br\/loja\/wp-json\/wp\/v2\/product"}],"about":[{"href":"https:\/\/www.livrariarema.com.br\/loja\/wp-json\/wp\/v2\/types\/product"}],"replies":[{"embeddable":true,"href":"https:\/\/www.livrariarema.com.br\/loja\/wp-json\/wp\/v2\/comments?post=347439"}],"wp:attachment":[{"href":"https:\/\/www.livrariarema.com.br\/loja\/wp-json\/wp\/v2\/media?parent=347439"}],"wp:term":[{"taxonomy":"product_cat","embeddable":true,"href":"https:\/\/www.livrariarema.com.br\/loja\/wp-json\/wp\/v2\/product_cat?post=347439"},{"taxonomy":"product_tag","embeddable":true,"href":"https:\/\/www.livrariarema.com.br\/loja\/wp-json\/wp\/v2\/product_tag?post=347439"}],"curies":[{"name":"wp","href":"https:\/\/api.w.org\/{rel}","templated":true}]}}