{"id":47182,"date":"2021-01-21T11:28:51","date_gmt":"2021-01-21T14:28:51","guid":{"rendered":"https:\/\/www.livrariarema.com.br\/loja\/produtos\/sem%20categoria\/curando-o-coracao-ferido-joyce-meyer\/"},"modified":"2026-02-25T15:10:30","modified_gmt":"2026-02-25T18:10:30","slug":"curando-o-coracao-ferido-joyce-meyer","status":"publish","type":"product","link":"https:\/\/www.livrariarema.com.br\/loja\/produtos\/livros\/cura-libertacao\/curando-o-coracao-ferido-joyce-meyer\/","title":{"rendered":"Curando O Cora\u00e7\u00e3o Ferido &#8211; Joyce Meyer"},"content":{"rendered":"<p>Deus o ama e tem um plano maravilhoso e glorioso para sua vida. Mas algumas vezes pode ser dif\u00edcil acreditar que ele tenha um prop\u00f3sito espec\u00edfico para voc\u00ea. Se voc\u00ea foi ferido no passado ou se sente ind\u00edgno, pode ser dif\u00edcil receber o amor incondicional de Deus. Deus deseja alcan\u00e7\u00e1-lo hoje. Tenha esperan\u00e7a&#8230; Este livro tem a resposta para sua vida.<\/p>\n","protected":false},"excerpt":{"rendered":"<p>Deus o ama e tem um plano maravilhoso e glorioso para sua vida. Mas algumas vezes pode ser dif\u00edcil acreditar&hellip;<\/p>\n","protected":false},"featured_media":332967,"comment_status":"open","ping_status":"closed","template":"","meta":[],"product_cat":[157,134],"product_tag":[],"_links":{"self":[{"href":"https:\/\/www.livrariarema.com.br\/loja\/wp-json\/wp\/v2\/product\/47182"}],"collection":[{"href":"https:\/\/www.livrariarema.com.br\/loja\/wp-json\/wp\/v2\/product"}],"about":[{"href":"https:\/\/www.livrariarema.com.br\/loja\/wp-json\/wp\/v2\/types\/product"}],"replies":[{"embeddable":true,"href":"https:\/\/www.livrariarema.com.br\/loja\/wp-json\/wp\/v2\/comments?post=47182"}],"wp:featuredmedia":[{"embeddable":true,"href":"https:\/\/www.livrariarema.com.br\/loja\/wp-json\/wp\/v2\/media\/332967"}],"wp:attachment":[{"href":"https:\/\/www.livrariarema.com.br\/loja\/wp-json\/wp\/v2\/media?parent=47182"}],"wp:term":[{"taxonomy":"product_cat","embeddable":true,"href":"https:\/\/www.livrariarema.com.br\/loja\/wp-json\/wp\/v2\/product_cat?post=47182"},{"taxonomy":"product_tag","embeddable":true,"href":"https:\/\/www.livrariarema.com.br\/loja\/wp-json\/wp\/v2\/product_tag?post=47182"}],"curies":[{"name":"wp","href":"https:\/\/api.w.org\/{rel}","templated":true}]}}