{"id":47194,"date":"2021-01-21T13:39:21","date_gmt":"2021-01-21T16:39:21","guid":{"rendered":"https:\/\/www.livrariarema.com.br\/loja\/produtos\/sem%20categoria\/licoes-missionarias-avulsas-eu-iria-a-qualquer-lugar-por-ele\/"},"modified":"2021-08-30T10:44:00","modified_gmt":"2021-08-30T13:44:00","slug":"licoes-missionarias-avulsas-eu-iria-a-qualquer-lugar-por-ele","status":"publish","type":"product","link":"https:\/\/www.livrariarema.com.br\/loja\/produtos\/diversos\/flanelografo-e-cartazes\/licoes-missionarias-avulsas-eu-iria-a-qualquer-lugar-por-ele\/","title":{"rendered":"LI\u00c7\u00d5ES MISSION\u00c1RIAS AVULSAS &#8211; EU IRIA A QUALQUER LUGAR POR ELE"},"content":{"rendered":"<p>A hist\u00f3ria sobre Clarence Jones, que queria construir uma grande esta\u00e7\u00e3o de r\u00e1dio para propagar o evangelho.<\/p>\n","protected":false},"excerpt":{"rendered":"<p>A hist\u00f3ria sobre Clarence Jones, que queria construir uma grande esta\u00e7\u00e3o de r\u00e1dio para propagar o evangelho.<\/p>\n","protected":false},"featured_media":101629,"comment_status":"open","ping_status":"closed","template":"","meta":[],"product_cat":[132,133],"product_tag":[],"_links":{"self":[{"href":"https:\/\/www.livrariarema.com.br\/loja\/wp-json\/wp\/v2\/product\/47194"}],"collection":[{"href":"https:\/\/www.livrariarema.com.br\/loja\/wp-json\/wp\/v2\/product"}],"about":[{"href":"https:\/\/www.livrariarema.com.br\/loja\/wp-json\/wp\/v2\/types\/product"}],"replies":[{"embeddable":true,"href":"https:\/\/www.livrariarema.com.br\/loja\/wp-json\/wp\/v2\/comments?post=47194"}],"wp:featuredmedia":[{"embeddable":true,"href":"https:\/\/www.livrariarema.com.br\/loja\/wp-json\/wp\/v2\/media\/101629"}],"wp:attachment":[{"href":"https:\/\/www.livrariarema.com.br\/loja\/wp-json\/wp\/v2\/media?parent=47194"}],"wp:term":[{"taxonomy":"product_cat","embeddable":true,"href":"https:\/\/www.livrariarema.com.br\/loja\/wp-json\/wp\/v2\/product_cat?post=47194"},{"taxonomy":"product_tag","embeddable":true,"href":"https:\/\/www.livrariarema.com.br\/loja\/wp-json\/wp\/v2\/product_tag?post=47194"}],"curies":[{"name":"wp","href":"https:\/\/api.w.org\/{rel}","templated":true}]}}