{"id":47264,"date":"2021-01-21T13:41:22","date_gmt":"2021-01-21T16:41:22","guid":{"rendered":"https:\/\/www.livrariarema.com.br\/loja\/produtos\/sem%20categoria\/ivan-myrna-grant\/"},"modified":"2026-01-17T11:51:19","modified_gmt":"2026-01-17T14:51:19","slug":"ivan-myrna-grant","status":"publish","type":"product","link":"https:\/\/www.livrariarema.com.br\/loja\/produtos\/livros\/biografia\/ivan-myrna-grant\/","title":{"rendered":"Ivan &#8211; Myrna Grant"},"content":{"rendered":"<p>Ivan era um jovem diferente: crist\u00e3o genu\u00edno, soldado exemplar, n\u00e3o se deixava abater pela goza\u00e7\u00e3o dos colegas por causa de sua f\u00e9, nem pela amea\u00e7a dos seus superiores no ex\u00e9rcito.<\/p>\n<p>Ele considerava que o seu relacionamento \u00edntimo com Cristo era muito mais importante que a sua seguran\u00e7a pessoal ou a aprova\u00e7\u00e3o dos companheiros de farda. E assim, servindo no ex\u00e9rcito vermelho da R\u00fassia, seu car\u00e1ter crist\u00e3o foi provado at\u00e9 o fim.<\/p>\n<p>Esta hist\u00f3ria not\u00e1vel, passada no in\u00edcio da d\u00e9cada de setenta, conta como Ivan pagou um alto pre\u00e7o por n\u00e3o negar o seu Senhor.<\/p>\n<p>Mas este n\u00e3o \u00e9 um livro que trata somente do sofrimento de crist\u00e3os em pa\u00edses onde a igreja \u00e9 perseguida. Acima de tudo, o leitor ver\u00e1 a grande fidelidade de Deus e a a\u00e7\u00e3o milagrosa do Esp\u00edrito Santo em defesa de um servo totalmente consagrado a ele.<\/p>\n<p>Voc\u00ea ir\u00e1 experimentar o impacto do que significa viver por Cristo em um pa\u00eds anticrist\u00e3o; se sentir\u00e1 desafiado a renovar seu compromisso de fidelidade para com o Senhor e a interceder com renovado interesse, em favor de seus irm\u00e3os que vivem em pa\u00edses onde n\u00e3o h\u00e1 liberdade religiosa.<\/p>\n","protected":false},"excerpt":{"rendered":"<p>Ivan era um jovem diferente: crist\u00e3o genu\u00edno, soldado exemplar, n\u00e3o se deixava abater pela goza\u00e7\u00e3o dos colegas por causa de&hellip;<\/p>\n","protected":false},"featured_media":341574,"comment_status":"open","ping_status":"closed","template":"","meta":[],"product_cat":[181,134],"product_tag":[],"_links":{"self":[{"href":"https:\/\/www.livrariarema.com.br\/loja\/wp-json\/wp\/v2\/product\/47264"}],"collection":[{"href":"https:\/\/www.livrariarema.com.br\/loja\/wp-json\/wp\/v2\/product"}],"about":[{"href":"https:\/\/www.livrariarema.com.br\/loja\/wp-json\/wp\/v2\/types\/product"}],"replies":[{"embeddable":true,"href":"https:\/\/www.livrariarema.com.br\/loja\/wp-json\/wp\/v2\/comments?post=47264"}],"wp:featuredmedia":[{"embeddable":true,"href":"https:\/\/www.livrariarema.com.br\/loja\/wp-json\/wp\/v2\/media\/341574"}],"wp:attachment":[{"href":"https:\/\/www.livrariarema.com.br\/loja\/wp-json\/wp\/v2\/media?parent=47264"}],"wp:term":[{"taxonomy":"product_cat","embeddable":true,"href":"https:\/\/www.livrariarema.com.br\/loja\/wp-json\/wp\/v2\/product_cat?post=47264"},{"taxonomy":"product_tag","embeddable":true,"href":"https:\/\/www.livrariarema.com.br\/loja\/wp-json\/wp\/v2\/product_tag?post=47264"}],"curies":[{"name":"wp","href":"https:\/\/api.w.org\/{rel}","templated":true}]}}