{"id":47553,"date":"2021-01-21T13:50:40","date_gmt":"2021-01-21T16:50:40","guid":{"rendered":"https:\/\/www.livrariarema.com.br\/loja\/produtos\/sem%20categoria\/uma-vida-cheia-do-espirito-charles-g-finney\/"},"modified":"2026-04-30T13:23:43","modified_gmt":"2026-04-30T16:23:43","slug":"uma-vida-cheia-do-espirito-charles-g-finney","status":"publish","type":"product","link":"https:\/\/www.livrariarema.com.br\/loja\/produtos\/livros\/biografia\/uma-vida-cheia-do-espirito-charles-g-finney\/","title":{"rendered":"Uma Vida Cheia Do Esp\u00edrito &#8211; Charles G. Finney"},"content":{"rendered":"<p>No s\u00e9culo XIX, Charles G. Finney sacudia a sociedade alcan\u00e7ando todas as suas camadas. O seu cora\u00e7\u00e3o abrasado, prega\u00e7\u00e3o poderosa, l\u00f3gica implac\u00e1vel e a un\u00e7\u00e3o do Esp\u00edrito Santo foram os elementos que Deus reuniu nesse evangelista para restaurar a mensagem de avivamento. Talvez ele tenha influenciado a prega\u00e7\u00e3o evangel\u00edstica mais do que qualquer outro homem na hist\u00f3ria. E a mensagem de Charles G. Finney precisa ser ouvida hoje. Ele tem algo a dizer a voc\u00ea! Seja a pessoa que Deus quer que voc\u00ea seja &#8211; cheia do Esp\u00edrito Santo &#8211; para resistir \u00e0 mar\u00e9 da maldade que inunda a nossa sociedade, vencer a carnalidade que cresce nas igrejas e p\u00f4r fim \u00e0 derrota na sua pr\u00f3pria vida.<\/p>\n","protected":false},"excerpt":{"rendered":"<p>No s\u00e9culo XIX, Charles G. Finney sacudia a sociedade alcan\u00e7ando todas as suas camadas. O seu cora\u00e7\u00e3o abrasado, prega\u00e7\u00e3o poderosa,&hellip;<\/p>\n","protected":false},"featured_media":347460,"comment_status":"open","ping_status":"closed","template":"","meta":[],"product_cat":[181,134],"product_tag":[],"_links":{"self":[{"href":"https:\/\/www.livrariarema.com.br\/loja\/wp-json\/wp\/v2\/product\/47553"}],"collection":[{"href":"https:\/\/www.livrariarema.com.br\/loja\/wp-json\/wp\/v2\/product"}],"about":[{"href":"https:\/\/www.livrariarema.com.br\/loja\/wp-json\/wp\/v2\/types\/product"}],"replies":[{"embeddable":true,"href":"https:\/\/www.livrariarema.com.br\/loja\/wp-json\/wp\/v2\/comments?post=47553"}],"wp:featuredmedia":[{"embeddable":true,"href":"https:\/\/www.livrariarema.com.br\/loja\/wp-json\/wp\/v2\/media\/347460"}],"wp:attachment":[{"href":"https:\/\/www.livrariarema.com.br\/loja\/wp-json\/wp\/v2\/media?parent=47553"}],"wp:term":[{"taxonomy":"product_cat","embeddable":true,"href":"https:\/\/www.livrariarema.com.br\/loja\/wp-json\/wp\/v2\/product_cat?post=47553"},{"taxonomy":"product_tag","embeddable":true,"href":"https:\/\/www.livrariarema.com.br\/loja\/wp-json\/wp\/v2\/product_tag?post=47553"}],"curies":[{"name":"wp","href":"https:\/\/api.w.org\/{rel}","templated":true}]}}