{"id":47579,"date":"2021-01-21T13:51:26","date_gmt":"2021-01-21T16:51:26","guid":{"rendered":"https:\/\/www.livrariarema.com.br\/loja\/produtos\/sem%20categoria\/campo-de-batalha-da-mente-joyce-meyer-guia-de-estudos\/"},"modified":"2026-02-09T16:33:01","modified_gmt":"2026-02-09T19:33:01","slug":"campo-de-batalha-da-mente-joyce-meyer-guia-de-estudos","status":"publish","type":"product","link":"https:\/\/www.livrariarema.com.br\/loja\/produtos\/livros\/mulher\/campo-de-batalha-da-mente-joyce-meyer-guia-de-estudos\/","title":{"rendered":"Campo De Batalha Da Mente &#8211; Joyce Meyer &#8211; Guia De Estudos"},"content":{"rendered":"<p>Campo de Batalha da Mente &#8211; Guia de Estudos Joyce Meyer Um guia pr\u00e1tico e din\u00e2mico. Pra voc\u00ea que j\u00e1 leu o Campo de Batalha da Mente, aprenda a desfurtar ainda mais, de uma vida vitoriosa em sua mente, aplicando os fundamentos do Guia de Estudos. Este Guia de Estudos proporciona cerca de 150 perguntas adaptadas do livro Campo de Batalha da Mente. Se voc\u00ea puder responder \u00e0s perguntas a seguir, estar\u00e1 no caminho para vencer a batalha em sua mente.<\/p>\n","protected":false},"excerpt":{"rendered":"<p>Campo de Batalha da Mente &#8211; Guia de Estudos Joyce Meyer Um guia pr\u00e1tico e din\u00e2mico. Pra voc\u00ea que j\u00e1&hellip;<\/p>\n","protected":false},"featured_media":342812,"comment_status":"open","ping_status":"closed","template":"","meta":[],"product_cat":[134,170],"product_tag":[],"_links":{"self":[{"href":"https:\/\/www.livrariarema.com.br\/loja\/wp-json\/wp\/v2\/product\/47579"}],"collection":[{"href":"https:\/\/www.livrariarema.com.br\/loja\/wp-json\/wp\/v2\/product"}],"about":[{"href":"https:\/\/www.livrariarema.com.br\/loja\/wp-json\/wp\/v2\/types\/product"}],"replies":[{"embeddable":true,"href":"https:\/\/www.livrariarema.com.br\/loja\/wp-json\/wp\/v2\/comments?post=47579"}],"wp:featuredmedia":[{"embeddable":true,"href":"https:\/\/www.livrariarema.com.br\/loja\/wp-json\/wp\/v2\/media\/342812"}],"wp:attachment":[{"href":"https:\/\/www.livrariarema.com.br\/loja\/wp-json\/wp\/v2\/media?parent=47579"}],"wp:term":[{"taxonomy":"product_cat","embeddable":true,"href":"https:\/\/www.livrariarema.com.br\/loja\/wp-json\/wp\/v2\/product_cat?post=47579"},{"taxonomy":"product_tag","embeddable":true,"href":"https:\/\/www.livrariarema.com.br\/loja\/wp-json\/wp\/v2\/product_tag?post=47579"}],"curies":[{"name":"wp","href":"https:\/\/api.w.org\/{rel}","templated":true}]}}