{"id":47636,"date":"2021-01-21T13:53:10","date_gmt":"2021-01-21T16:53:10","guid":{"rendered":"https:\/\/www.livrariarema.com.br\/loja\/produtos\/sem%20categoria\/vendo-cristo-no-novo-testamento-box-com-6-volumes-stephen-kaung\/"},"modified":"2024-05-11T09:07:40","modified_gmt":"2024-05-11T12:07:40","slug":"vendo-cristo-no-novo-testamento-box-com-6-volumes-stephen-kaung","status":"publish","type":"product","link":"https:\/\/www.livrariarema.com.br\/loja\/produtos\/livros\/estudo-biblico\/vendo-cristo-no-novo-testamento-box-com-6-volumes-stephen-kaung\/","title":{"rendered":"Vendo Cristo No Novo Testamento &#8211; Box Com 6 Volumes &#8211; Stephen Kaung"},"content":{"rendered":"<p>Ao longo de um per\u00edodo de aproximadamente tr\u00eas anos, come\u00e7ando em meados de 1983, Stephen Kaung compartilhou a s\u00e9rie de mensagens transcritas nas p\u00e1ginas de seis volumes. O encargo do irm\u00e3o Kaung foi mostrar de maneira profunda, mas ao mesmo tempo clara e devocional, que o tema central de tudo e de todas as eras, assim como de toda a B\u00edblia e volume neotestament\u00e1rio, \u00e9 a Pessoa amada do nosso Senhor Jesus Cristo.<\/p>\n<p>Uma d\u00e9cada depois, essas mensagens foram traduzidas para a l\u00edngua portuguesa e distribu\u00eddas pela Associa\u00e7\u00e3o de Literatura Crist\u00e3, Porto Alegre. Ao longo de mais de todos esses anos, essas mensagens t\u00eam sido um manancial de b\u00ean\u00e7\u00e3os para aqueles que tiveram seus olhos abertos para contemplarem o Senhor da gl\u00f3ria em cada um dos 27 livros do Novo Testamento. Assim, \u00e9 uma grande alegria poder, mais uma vez, disponibilizar ao leitor o conjunto completo dessas mensagens, totalmente revisado e rediagramado.<\/p>\n<p>Oramos para que, juntamente com os oito livros da s\u00e9rie Havendo Deus Falado no Antigo Testamento, essas mensagens continuem sendo instrumentos \u00fateis nas m\u00e3os de Deus para revelar a Pessoa de Seu Filho a cada um de n\u00f3s.<\/p>\n<p>&#8221; Pois &#8220;havendo Deus, outrora, falado, muitas vezes e de muitas maneiras, aos pais, pelos profetas, nestes \u00faltimos dias, nos falou pelo Filho.&#8221; Hb 1:1,2a.<\/p>\n","protected":false},"excerpt":{"rendered":"<p>Ao longo de um per\u00edodo de aproximadamente tr\u00eas anos, come\u00e7ando em meados de 1983, Stephen Kaung compartilhou a s\u00e9rie de&hellip;<\/p>\n","protected":false},"featured_media":296717,"comment_status":"open","ping_status":"closed","template":"","meta":[],"product_cat":[161,134],"product_tag":[],"_links":{"self":[{"href":"https:\/\/www.livrariarema.com.br\/loja\/wp-json\/wp\/v2\/product\/47636"}],"collection":[{"href":"https:\/\/www.livrariarema.com.br\/loja\/wp-json\/wp\/v2\/product"}],"about":[{"href":"https:\/\/www.livrariarema.com.br\/loja\/wp-json\/wp\/v2\/types\/product"}],"replies":[{"embeddable":true,"href":"https:\/\/www.livrariarema.com.br\/loja\/wp-json\/wp\/v2\/comments?post=47636"}],"wp:featuredmedia":[{"embeddable":true,"href":"https:\/\/www.livrariarema.com.br\/loja\/wp-json\/wp\/v2\/media\/296717"}],"wp:attachment":[{"href":"https:\/\/www.livrariarema.com.br\/loja\/wp-json\/wp\/v2\/media?parent=47636"}],"wp:term":[{"taxonomy":"product_cat","embeddable":true,"href":"https:\/\/www.livrariarema.com.br\/loja\/wp-json\/wp\/v2\/product_cat?post=47636"},{"taxonomy":"product_tag","embeddable":true,"href":"https:\/\/www.livrariarema.com.br\/loja\/wp-json\/wp\/v2\/product_tag?post=47636"}],"curies":[{"name":"wp","href":"https:\/\/api.w.org\/{rel}","templated":true}]}}