{"id":47650,"date":"2021-01-21T13:54:48","date_gmt":"2021-01-21T16:54:48","guid":{"rendered":"https:\/\/www.livrariarema.com.br\/loja\/produtos\/sem%20categoria\/maior-amor-do-mundo-o-jason-ingram-e-matt-hammitt\/"},"modified":"2026-04-04T10:01:15","modified_gmt":"2026-04-04T13:01:15","slug":"maior-amor-do-mundo-o-jason-ingram-e-matt-hammitt","status":"publish","type":"product","link":"https:\/\/www.livrariarema.com.br\/loja\/produtos\/livros\/infantil\/maior-amor-do-mundo-o-jason-ingram-e-matt-hammitt\/","title":{"rendered":"Maior Amor Do Mundo, O &#8211; Jason Ingram E Matt Hammitt"},"content":{"rendered":"<p>O livro O maior amor do mundo leva para as crian\u00e7as uma mensagem especial e poderosa, que mostra que Jesus est\u00e1 sempre ao nosso lado e que seu amor vai al\u00e9m do que imaginamos.<\/p>\n<p>Atrav\u00e9s de ador\u00e1veis ilustra\u00e7\u00f5es, as crian\u00e7as ser\u00e3o facilmente encantadas com lindas imagens que s\u00e3o combinadas com a letra da m\u00fasica de Jason Ingram e Matt Hammitt (vocalista da banda de rock crist\u00e3 Sanctus Real).<\/p>\n<p>Por tr\u00e1s dessa fascinante publica\u00e7\u00e3o ilustrada existe uma hist\u00f3ria muito especial.<\/p>\n<p>Quando Sarah, esposa de Matt, estava na metade da gravidez, recebeu o diagn\u00f3stico de que o beb\u00ea nasceria com uma s\u00edndrome rara. Bowen, o filho de Matt e de Sarah, nasceu em 9 de setembro de 2010 e seu problema foi acompanhado de perto pelas r\u00e1dios K-LOVE e ABC News, e pelo blog dos Hammitt (bowensheart.com), onde o casal compartilhou as dores e as alegrias de sua jornada.<\/p>\n","protected":false},"excerpt":{"rendered":"<p>O livro O maior amor do mundo leva para as crian\u00e7as uma mensagem especial e poderosa, que mostra que Jesus&hellip;<\/p>\n","protected":false},"featured_media":340732,"comment_status":"open","ping_status":"closed","template":"","meta":[],"product_cat":[144,134],"product_tag":[],"_links":{"self":[{"href":"https:\/\/www.livrariarema.com.br\/loja\/wp-json\/wp\/v2\/product\/47650"}],"collection":[{"href":"https:\/\/www.livrariarema.com.br\/loja\/wp-json\/wp\/v2\/product"}],"about":[{"href":"https:\/\/www.livrariarema.com.br\/loja\/wp-json\/wp\/v2\/types\/product"}],"replies":[{"embeddable":true,"href":"https:\/\/www.livrariarema.com.br\/loja\/wp-json\/wp\/v2\/comments?post=47650"}],"wp:featuredmedia":[{"embeddable":true,"href":"https:\/\/www.livrariarema.com.br\/loja\/wp-json\/wp\/v2\/media\/340732"}],"wp:attachment":[{"href":"https:\/\/www.livrariarema.com.br\/loja\/wp-json\/wp\/v2\/media?parent=47650"}],"wp:term":[{"taxonomy":"product_cat","embeddable":true,"href":"https:\/\/www.livrariarema.com.br\/loja\/wp-json\/wp\/v2\/product_cat?post=47650"},{"taxonomy":"product_tag","embeddable":true,"href":"https:\/\/www.livrariarema.com.br\/loja\/wp-json\/wp\/v2\/product_tag?post=47650"}],"curies":[{"name":"wp","href":"https:\/\/api.w.org\/{rel}","templated":true}]}}