{"id":47673,"date":"2021-01-21T13:55:14","date_gmt":"2021-01-21T16:55:14","guid":{"rendered":"https:\/\/www.livrariarema.com.br\/loja\/produtos\/sem%20categoria\/ntlh043plmfbpv-biblia-ilustrada-capa-dura\/"},"modified":"2026-02-03T09:20:18","modified_gmt":"2026-02-03T12:20:18","slug":"ntlh043plmfbpv-biblia-ilustrada-capa-dura","status":"publish","type":"product","link":"https:\/\/www.livrariarema.com.br\/loja\/produtos\/biblias\/infantil-biblias\/ntlh043plmfbpv-biblia-ilustrada-capa-dura\/","title":{"rendered":"Ntlh043plmfbpv &#8211; B\u00edblia Ilustrada Capa Dura"},"content":{"rendered":"<p>A B\u00edblia Sagrada Palavra da Vida tem 80 ilustra\u00e7\u00f5es cheias de personalidade e humor, assinadas por Michel Fran\u00e7a, marca\u00e7\u00f5es de Fonte de B\u00ean\u00e7\u00e3os e texto na Nova Tradu\u00e7\u00e3o na Linguagem de Hoje, para o jovem leitor compreender com mais facilidade o texto sagrado.<Br><br \/>\n<Br><br \/>\n<b>Recursos:<\/b><\/p>\n<p>&#8211; Texto b\u00edblico: Nova Tradu\u00e7\u00e3o na Linguagem de Hoje<Br><br \/>\n&#8211; \u00cdndice impresso colorido<Br><br \/>\n&#8211; Marca\u00e7\u00f5es de Fonte de B\u00ean\u00e7\u00e3os<Br><br \/>\n&#8211; 80 Ilustra\u00e7\u00f5es coloridas, assinadas por Michel Fran\u00e7a<Br><br \/>\n&#8211; Vocabul\u00e1rio<Br><br \/>\n&#8211; Plano de Evangeliza\u00e7\u00e3o: O que a B\u00edblia diz sobre o perd\u00e3o de Deus<Br><br \/>\n&#8211; Como encontrar ajuda na B\u00edblia Leituras para dias especiais<Br><br \/>\n&#8211; Palavras de orienta\u00e7\u00e3o e consolo<Br><br \/>\n&#8211; Mapas<Br><br \/>\n&#8211; Formato compacto<Br><\/p>\n","protected":false},"excerpt":{"rendered":"<p>A B\u00edblia Sagrada Palavra da Vida tem 80 ilustra\u00e7\u00f5es cheias de personalidade e humor, assinadas por Michel Fran\u00e7a, marca\u00e7\u00f5es de&hellip;<\/p>\n","protected":false},"featured_media":343691,"comment_status":"open","ping_status":"closed","template":"","meta":[],"product_cat":[139,202],"product_tag":[],"_links":{"self":[{"href":"https:\/\/www.livrariarema.com.br\/loja\/wp-json\/wp\/v2\/product\/47673"}],"collection":[{"href":"https:\/\/www.livrariarema.com.br\/loja\/wp-json\/wp\/v2\/product"}],"about":[{"href":"https:\/\/www.livrariarema.com.br\/loja\/wp-json\/wp\/v2\/types\/product"}],"replies":[{"embeddable":true,"href":"https:\/\/www.livrariarema.com.br\/loja\/wp-json\/wp\/v2\/comments?post=47673"}],"wp:featuredmedia":[{"embeddable":true,"href":"https:\/\/www.livrariarema.com.br\/loja\/wp-json\/wp\/v2\/media\/343691"}],"wp:attachment":[{"href":"https:\/\/www.livrariarema.com.br\/loja\/wp-json\/wp\/v2\/media?parent=47673"}],"wp:term":[{"taxonomy":"product_cat","embeddable":true,"href":"https:\/\/www.livrariarema.com.br\/loja\/wp-json\/wp\/v2\/product_cat?post=47673"},{"taxonomy":"product_tag","embeddable":true,"href":"https:\/\/www.livrariarema.com.br\/loja\/wp-json\/wp\/v2\/product_tag?post=47673"}],"curies":[{"name":"wp","href":"https:\/\/api.w.org\/{rel}","templated":true}]}}