{"id":47980,"date":"2021-01-21T14:05:42","date_gmt":"2021-01-21T17:05:42","guid":{"rendered":"https:\/\/www.livrariarema.com.br\/loja\/produtos\/sem%20categoria\/faca-arte-denize-eiras\/"},"modified":"2026-01-01T00:00:03","modified_gmt":"2026-01-01T03:00:03","slug":"faca-arte-denize-eiras","status":"publish","type":"product","link":"https:\/\/www.livrariarema.com.br\/loja\/produtos\/promocao\/livros-promocao\/faca-arte-denize-eiras\/","title":{"rendered":"Fa\u00e7a Arte &#8211; Denize Eiras"},"content":{"rendered":"<p>Tudo vira recurso ou brinquedo. Usando E.V.A., cartolina, papel\u00e3o, feltro, produtos recicl\u00e1veis. -M\u00e1scaras &#8211; Viseiras &#8211; Dedoches &#8211; Fantoches &#8211; Lembrancinhas e diversos E ainda: hist\u00f3rias b\u00edblicas, pe\u00e7as teatrais e brincadeiras.<\/p>\n<p>Ideal para decora\u00e7\u00e3o, teatro, brincadeiras, escolas e igrejas! tudo com moldes explicativos, prontos para serem usados. Use a sua criatividade e a sua imagina\u00e7\u00e3o e &#8220;Fa\u00e7a Arte! Fazer e criar \u00e9 s\u00f3 come\u00e7ar!&#8221;<\/p>\n","protected":false},"excerpt":{"rendered":"<p>Tudo vira recurso ou brinquedo. Usando E.V.A., cartolina, papel\u00e3o, feltro, produtos recicl\u00e1veis. -M\u00e1scaras &#8211; Viseiras &#8211; Dedoches &#8211; Fantoches &#8211;&hellip;<\/p>\n","protected":false},"featured_media":342333,"comment_status":"open","ping_status":"closed","template":"","meta":[],"product_cat":[143,142],"product_tag":[],"_links":{"self":[{"href":"https:\/\/www.livrariarema.com.br\/loja\/wp-json\/wp\/v2\/product\/47980"}],"collection":[{"href":"https:\/\/www.livrariarema.com.br\/loja\/wp-json\/wp\/v2\/product"}],"about":[{"href":"https:\/\/www.livrariarema.com.br\/loja\/wp-json\/wp\/v2\/types\/product"}],"replies":[{"embeddable":true,"href":"https:\/\/www.livrariarema.com.br\/loja\/wp-json\/wp\/v2\/comments?post=47980"}],"wp:featuredmedia":[{"embeddable":true,"href":"https:\/\/www.livrariarema.com.br\/loja\/wp-json\/wp\/v2\/media\/342333"}],"wp:attachment":[{"href":"https:\/\/www.livrariarema.com.br\/loja\/wp-json\/wp\/v2\/media?parent=47980"}],"wp:term":[{"taxonomy":"product_cat","embeddable":true,"href":"https:\/\/www.livrariarema.com.br\/loja\/wp-json\/wp\/v2\/product_cat?post=47980"},{"taxonomy":"product_tag","embeddable":true,"href":"https:\/\/www.livrariarema.com.br\/loja\/wp-json\/wp\/v2\/product_tag?post=47980"}],"curies":[{"name":"wp","href":"https:\/\/api.w.org\/{rel}","templated":true}]}}