{"id":48161,"date":"2021-01-21T14:12:56","date_gmt":"2021-01-21T17:12:56","guid":{"rendered":"https:\/\/www.livrariarema.com.br\/loja\/produtos\/sem%20categoria\/manga-vol-3-motim\/"},"modified":"2026-02-20T13:21:49","modified_gmt":"2026-02-20T16:21:49","slug":"manga-vol-3-motim","status":"publish","type":"product","link":"https:\/\/www.livrariarema.com.br\/loja\/produtos\/livros\/manga-hq\/manga-vol-3-motim\/","title":{"rendered":"Mang\u00e1 Vol. 3 &#8211; Motim"},"content":{"rendered":"<p>O Rei do Universo foi rejeitado&#8230;<br \/>\nAnjos e homens em rebeldia total&#8230;<br \/>\nO novo mundo est\u00e1 um caos&#8230;<br \/>\nQuem na terra ser\u00e1 senhor&#8230;?<br \/>\nQuem ser\u00e1 escravo&#8230;?<br \/>\nOu todos servir\u00e3o ao rei do submundo?<\/p>\n<p>Mang\u00e1 Motim: as fant\u00e1sticas hist\u00f3rias do Antigo Testamento contadas de forma inovadora.<\/p>\n<p>Baseado nos livros de G\u00eanesis e \u00caxodo, o Mang\u00e1 Motim come\u00e7a com a hist\u00f3ria da cria\u00e7\u00e3o do mundo e da queda do homem, passa pelo Dil\u00favio, pela saga dos patriarcas, indo da forma\u00e7\u00e3o do povo de Israel no Egito at\u00e9 a sa\u00edda rumo \u00e0 terra prometida, sob a lideran\u00e7a de Mois\u00e9s.<\/p>\n","protected":false},"excerpt":{"rendered":"<p>O Rei do Universo foi rejeitado&#8230; Anjos e homens em rebeldia total&#8230; O novo mundo est\u00e1 um caos&#8230; Quem na&hellip;<\/p>\n","protected":false},"featured_media":345027,"comment_status":"open","ping_status":"closed","template":"","meta":[],"product_cat":[134,189],"product_tag":[],"_links":{"self":[{"href":"https:\/\/www.livrariarema.com.br\/loja\/wp-json\/wp\/v2\/product\/48161"}],"collection":[{"href":"https:\/\/www.livrariarema.com.br\/loja\/wp-json\/wp\/v2\/product"}],"about":[{"href":"https:\/\/www.livrariarema.com.br\/loja\/wp-json\/wp\/v2\/types\/product"}],"replies":[{"embeddable":true,"href":"https:\/\/www.livrariarema.com.br\/loja\/wp-json\/wp\/v2\/comments?post=48161"}],"wp:featuredmedia":[{"embeddable":true,"href":"https:\/\/www.livrariarema.com.br\/loja\/wp-json\/wp\/v2\/media\/345027"}],"wp:attachment":[{"href":"https:\/\/www.livrariarema.com.br\/loja\/wp-json\/wp\/v2\/media?parent=48161"}],"wp:term":[{"taxonomy":"product_cat","embeddable":true,"href":"https:\/\/www.livrariarema.com.br\/loja\/wp-json\/wp\/v2\/product_cat?post=48161"},{"taxonomy":"product_tag","embeddable":true,"href":"https:\/\/www.livrariarema.com.br\/loja\/wp-json\/wp\/v2\/product_tag?post=48161"}],"curies":[{"name":"wp","href":"https:\/\/api.w.org\/{rel}","templated":true}]}}