{"id":48454,"date":"2021-01-21T14:29:17","date_gmt":"2021-01-21T17:29:17","guid":{"rendered":"https:\/\/www.livrariarema.com.br\/loja\/produtos\/sem%20categoria\/tnl583p5-biblia-primeiros-passos-com-jesus-alca-rosa\/"},"modified":"2026-01-29T16:01:40","modified_gmt":"2026-01-29T19:01:40","slug":"tnl583p5-biblia-primeiros-passos-com-jesus-alca-rosa","status":"publish","type":"product","link":"https:\/\/www.livrariarema.com.br\/loja\/produtos\/livros\/infantil-biblia\/tnl583p5-biblia-primeiros-passos-com-jesus-alca-rosa\/","title":{"rendered":"Tnl583p5 &#8211; Biblia Primeiros Passos Com Jesus &#8211; Al\u00e7a Rosa"},"content":{"rendered":"<p>Com ilustra\u00e7\u00f5es delicadas e coloridas, a B\u00edblia Primeiros Passos com Jesus traz vinte hist\u00f3rias b\u00edblicas sobre Deus, seu amor e suas promessas. Ideal para apresentar a Palavra de Deus aos pequeninos e estimul\u00e1-los a seguir os passos de Jesus desde cedo. Esta publica\u00e7\u00e3o vem ainda com uma alcinha colorida na lombada, permitindo que a crian\u00e7a carregue a B\u00edblia com suas pr\u00f3prias m\u00e3os.<\/p>\n<p><b>Recursos:<\/b><\/p>\n<p>&#8211; Tradu\u00e7\u00e3o Novos Leitores<br \/>\n&#8211; 20 hist\u00f3rias b\u00edblicas<br \/>\n&#8211; P\u00e1ginas em papel cart\u00e3o<br \/>\n&#8211; Capa almofadada com glitter sobre o t\u00edtulo Lombada com al\u00e7a (duas op\u00e7\u00f5es de cor: rosa e azul)<\/p>\n","protected":false},"excerpt":{"rendered":"<p>Com ilustra\u00e7\u00f5es delicadas e coloridas, a B\u00edblia Primeiros Passos com Jesus traz vinte hist\u00f3rias b\u00edblicas sobre Deus, seu amor e&hellip;<\/p>\n","protected":false},"featured_media":343806,"comment_status":"open","ping_status":"closed","template":"","meta":[],"product_cat":[165,134],"product_tag":[],"_links":{"self":[{"href":"https:\/\/www.livrariarema.com.br\/loja\/wp-json\/wp\/v2\/product\/48454"}],"collection":[{"href":"https:\/\/www.livrariarema.com.br\/loja\/wp-json\/wp\/v2\/product"}],"about":[{"href":"https:\/\/www.livrariarema.com.br\/loja\/wp-json\/wp\/v2\/types\/product"}],"replies":[{"embeddable":true,"href":"https:\/\/www.livrariarema.com.br\/loja\/wp-json\/wp\/v2\/comments?post=48454"}],"wp:featuredmedia":[{"embeddable":true,"href":"https:\/\/www.livrariarema.com.br\/loja\/wp-json\/wp\/v2\/media\/343806"}],"wp:attachment":[{"href":"https:\/\/www.livrariarema.com.br\/loja\/wp-json\/wp\/v2\/media?parent=48454"}],"wp:term":[{"taxonomy":"product_cat","embeddable":true,"href":"https:\/\/www.livrariarema.com.br\/loja\/wp-json\/wp\/v2\/product_cat?post=48454"},{"taxonomy":"product_tag","embeddable":true,"href":"https:\/\/www.livrariarema.com.br\/loja\/wp-json\/wp\/v2\/product_tag?post=48454"}],"curies":[{"name":"wp","href":"https:\/\/api.w.org\/{rel}","templated":true}]}}