{"id":48538,"date":"2021-01-21T14:31:52","date_gmt":"2021-01-21T17:31:52","guid":{"rendered":"https:\/\/www.livrariarema.com.br\/loja\/produtos\/sem%20categoria\/comentarios-expositivos-efesios-hernandes-dias-lopes\/"},"modified":"2026-03-13T16:54:47","modified_gmt":"2026-03-13T19:54:47","slug":"comentarios-expositivos-efesios-hernandes-dias-lopes","status":"publish","type":"product","link":"https:\/\/www.livrariarema.com.br\/loja\/produtos\/livros\/comentario-biblico\/comentarios-expositivos-efesios-hernandes-dias-lopes\/","title":{"rendered":"Comentarios Expositivos &#8211; Ef\u00e9sios &#8211; Hernandes Dias Lopes"},"content":{"rendered":"<p>Neste coment\u00e1rio Hernandes Dias Lopes aborda a perspectiva de que o apostolo Paulo nesta carta n\u00e3o trata de problemas particulares, como faz na maioria de suas missivas. <\/p>\n<p>Aqui o autor exp\u00f5e como Paulo aborda alguns temas que n\u00e3o trata com tanta profundidade nas demais, como a quest\u00e3o da reconcilia\u00e7\u00e3o dos judeus com os gentios, o mist\u00e9rio do evangelho, a plenitude do Esp\u00edrito, a fam\u00edlia e a batalha espiritual. Essa \u00e9 uma carta n\u00e3o apenas teol\u00f3gica, mas, sobretudo, pr\u00e1tica. <\/p>\n<p>Ela tange de forma profunda e clara os princ\u00edpios que devem nortear a fam\u00edlia e a igreja neste mundo inundado de escurid\u00e3o.<\/p>\n","protected":false},"excerpt":{"rendered":"<p>Neste coment\u00e1rio Hernandes Dias Lopes aborda a perspectiva de que o apostolo Paulo nesta carta n\u00e3o trata de problemas particulares,&hellip;<\/p>\n","protected":false},"featured_media":346109,"comment_status":"open","ping_status":"closed","template":"","meta":[],"product_cat":[164,134],"product_tag":[],"_links":{"self":[{"href":"https:\/\/www.livrariarema.com.br\/loja\/wp-json\/wp\/v2\/product\/48538"}],"collection":[{"href":"https:\/\/www.livrariarema.com.br\/loja\/wp-json\/wp\/v2\/product"}],"about":[{"href":"https:\/\/www.livrariarema.com.br\/loja\/wp-json\/wp\/v2\/types\/product"}],"replies":[{"embeddable":true,"href":"https:\/\/www.livrariarema.com.br\/loja\/wp-json\/wp\/v2\/comments?post=48538"}],"wp:featuredmedia":[{"embeddable":true,"href":"https:\/\/www.livrariarema.com.br\/loja\/wp-json\/wp\/v2\/media\/346109"}],"wp:attachment":[{"href":"https:\/\/www.livrariarema.com.br\/loja\/wp-json\/wp\/v2\/media?parent=48538"}],"wp:term":[{"taxonomy":"product_cat","embeddable":true,"href":"https:\/\/www.livrariarema.com.br\/loja\/wp-json\/wp\/v2\/product_cat?post=48538"},{"taxonomy":"product_tag","embeddable":true,"href":"https:\/\/www.livrariarema.com.br\/loja\/wp-json\/wp\/v2\/product_tag?post=48538"}],"curies":[{"name":"wp","href":"https:\/\/api.w.org\/{rel}","templated":true}]}}